{"id":910,"date":"2019-07-23T13:01:17","date_gmt":"2019-07-23T13:01:17","guid":{"rendered":"http:\/\/driewes.de\/?page_id=910"},"modified":"2019-09-04T16:48:31","modified_gmt":"2019-09-04T14:48:31","slug":"solidarische-landwirtschaft-in-krombach-littfeld","status":"publish","type":"page","link":"https:\/\/driewes.de\/?page_id=910","title":{"rendered":"SoLaWi Littfeld"},"content":{"rendered":"\n<p><strong>Ein Gem\u00fcsegarten wie aus dem Bilderbuch&nbsp;<\/strong><\/p>\n\n\n\n<figure class=\"wp-block-image\"><img loading=\"lazy\" decoding=\"async\" width=\"1024\" height=\"768\" src=\"http:\/\/driewes.de\/wp-content\/uploads\/2019\/07\/gemuese04-1024x768.jpg\" alt=\"\" class=\"wp-image-939\" srcset=\"https:\/\/driewes.de\/wp-content\/uploads\/2019\/07\/gemuese04-1024x768.jpg 1024w, https:\/\/driewes.de\/wp-content\/uploads\/2019\/07\/gemuese04-300x225.jpg 300w, https:\/\/driewes.de\/wp-content\/uploads\/2019\/07\/gemuese04-768x576.jpg 768w, https:\/\/driewes.de\/wp-content\/uploads\/2019\/07\/gemuese04.jpg 1632w\" sizes=\"auto, (max-width: 1024px) 100vw, 1024px\" \/><\/figure>\n\n\n\n<p>Auf 3000 m<sup>2&nbsp;&nbsp;<\/sup>Land hat Andrea Junk 2003 begonnen mit viel Wissen und Leidenschaft ihren Garten anzulegen, die Grundlage zu schaffen f\u00fcr Bohnen und Erbsen, Zucchini und Mangold, Rote Bete, Zwiebeln, Kartoffeln und einiges mehr. Alle Pflanzen werden von ihr selbst ab Februar vorgezogenund wandern dann so nach und nach ins Freiland. Nur Tomaten und Paprika bleiben im Treibhaus. Der Anbau beachtet die Fruchtfolge und die Regeln von Maria Thun, so dass Andrea Junk ohne Gift auskommt und eher N\u00fctzlinge zur Bek\u00e4mpfung unerw\u00fcnschter Insekten einsetzt. Und jede Menge Handarbeit, um Sch\u00e4dlinge von den Pflanzen abzulesen oder den Boden immer wieder aufzulockern, damit er bei der Trockenheit der letzten beiden Jahre den Regen besser aufnehmen kann. Die Trockenheit ist auch hier ein Problem, f\u00fcr das neue L\u00f6sungen gefunden werden m\u00fcssen.<\/p>\n\n\n\n<p>Seit 2014 wird der Betrieb als solidarische Landwirtschaft (SoLaWi) gef\u00fchrt, das hei\u00dft, dass sich zur Zeit 36 Mitglieder f\u00fcr ein Jahr&nbsp;&nbsp;festgelegt haben, monatlich einen bestimmten Anteil zu bezahlen. Daf\u00fcr bekommen sie im Gegenzug mittwochs und freitags saisonales Gem\u00fcse. Heute k\u00f6nnen sie einen Korb mit Zucchini, Kartoffeln, Salat, Kr\u00e4utern und Fenchel abholen. <strong>Und wer Lust hat, kann seine Arbeitskraft in den Garten einbringen.&nbsp;&nbsp;<\/strong><\/p>\n\n\n\n<p>Vorbeischauen kann man immer mittwochs und freitags zwischen 15.00 und 18.00 Uhr und den Garten findet man in Krombach-Littfeld hinter dem Naturfreibad m Ende der Langen Wiese. <strong>Oder man macht einen Termin mit Andrea Junk Tel. 0178-2362499<\/strong><\/p>\n\n\n\n<ul class=\"wp-block-gallery columns-3 is-cropped wp-block-gallery-1 is-layout-flex wp-block-gallery-is-layout-flex\"><li class=\"blocks-gallery-item\"><figure><a href=\"http:\/\/driewes.de\/wp-content\/uploads\/2019\/07\/EF77AE26-0B88-4D0C-B81A-EF1D4C7B84D2.jpg\"><img loading=\"lazy\" decoding=\"async\" width=\"640\" height=\"640\" src=\"http:\/\/driewes.de\/wp-content\/uploads\/2019\/07\/EF77AE26-0B88-4D0C-B81A-EF1D4C7B84D2.jpg\" alt=\"\" data-id=\"911\" data-link=\"http:\/\/driewes.de\/?attachment_id=911\" class=\"wp-image-911\" srcset=\"https:\/\/driewes.de\/wp-content\/uploads\/2019\/07\/EF77AE26-0B88-4D0C-B81A-EF1D4C7B84D2.jpg 640w, https:\/\/driewes.de\/wp-content\/uploads\/2019\/07\/EF77AE26-0B88-4D0C-B81A-EF1D4C7B84D2-150x150.jpg 150w, https:\/\/driewes.de\/wp-content\/uploads\/2019\/07\/EF77AE26-0B88-4D0C-B81A-EF1D4C7B84D2-300x300.jpg 300w, https:\/\/driewes.de\/wp-content\/uploads\/2019\/07\/EF77AE26-0B88-4D0C-B81A-EF1D4C7B84D2-70x70.jpg 70w, https:\/\/driewes.de\/wp-content\/uploads\/2019\/07\/EF77AE26-0B88-4D0C-B81A-EF1D4C7B84D2-127x127.jpg 127w, https:\/\/driewes.de\/wp-content\/uploads\/2019\/07\/EF77AE26-0B88-4D0C-B81A-EF1D4C7B84D2-476x476.jpg 476w, https:\/\/driewes.de\/wp-content\/uploads\/2019\/07\/EF77AE26-0B88-4D0C-B81A-EF1D4C7B84D2-125x125.jpg 125w\" sizes=\"auto, (max-width: 640px) 100vw, 640px\" \/><\/a><\/figure><\/li><li class=\"blocks-gallery-item\"><figure><a href=\"http:\/\/driewes.de\/wp-content\/uploads\/2019\/07\/4D1B772E-BC5E-4767-A7A9-FB1E173BEEBF.jpg\"><img loading=\"lazy\" decoding=\"async\" width=\"640\" height=\"640\" src=\"http:\/\/driewes.de\/wp-content\/uploads\/2019\/07\/4D1B772E-BC5E-4767-A7A9-FB1E173BEEBF.jpg\" alt=\"\" data-id=\"912\" data-link=\"http:\/\/driewes.de\/?attachment_id=912\" class=\"wp-image-912\" srcset=\"https:\/\/driewes.de\/wp-content\/uploads\/2019\/07\/4D1B772E-BC5E-4767-A7A9-FB1E173BEEBF.jpg 640w, https:\/\/driewes.de\/wp-content\/uploads\/2019\/07\/4D1B772E-BC5E-4767-A7A9-FB1E173BEEBF-150x150.jpg 150w, https:\/\/driewes.de\/wp-content\/uploads\/2019\/07\/4D1B772E-BC5E-4767-A7A9-FB1E173BEEBF-300x300.jpg 300w, https:\/\/driewes.de\/wp-content\/uploads\/2019\/07\/4D1B772E-BC5E-4767-A7A9-FB1E173BEEBF-70x70.jpg 70w, https:\/\/driewes.de\/wp-content\/uploads\/2019\/07\/4D1B772E-BC5E-4767-A7A9-FB1E173BEEBF-127x127.jpg 127w, https:\/\/driewes.de\/wp-content\/uploads\/2019\/07\/4D1B772E-BC5E-4767-A7A9-FB1E173BEEBF-476x476.jpg 476w, https:\/\/driewes.de\/wp-content\/uploads\/2019\/07\/4D1B772E-BC5E-4767-A7A9-FB1E173BEEBF-125x125.jpg 125w\" sizes=\"auto, (max-width: 640px) 100vw, 640px\" \/><\/a><\/figure><\/li><li class=\"blocks-gallery-item\"><figure><a href=\"http:\/\/driewes.de\/wp-content\/uploads\/2019\/07\/D0226A01-B340-4DDA-AE84-98F479F0A60C-1024x1024.jpg\"><img loading=\"lazy\" decoding=\"async\" width=\"1024\" height=\"1024\" src=\"http:\/\/driewes.de\/wp-content\/uploads\/2019\/07\/D0226A01-B340-4DDA-AE84-98F479F0A60C-1024x1024.jpg\" alt=\"\" data-id=\"919\" data-link=\"http:\/\/driewes.de\/?attachment_id=919\" class=\"wp-image-919\" srcset=\"https:\/\/driewes.de\/wp-content\/uploads\/2019\/07\/D0226A01-B340-4DDA-AE84-98F479F0A60C-1024x1024.jpg 1024w, https:\/\/driewes.de\/wp-content\/uploads\/2019\/07\/D0226A01-B340-4DDA-AE84-98F479F0A60C-150x150.jpg 150w, https:\/\/driewes.de\/wp-content\/uploads\/2019\/07\/D0226A01-B340-4DDA-AE84-98F479F0A60C-300x300.jpg 300w, https:\/\/driewes.de\/wp-content\/uploads\/2019\/07\/D0226A01-B340-4DDA-AE84-98F479F0A60C-768x767.jpg 768w, https:\/\/driewes.de\/wp-content\/uploads\/2019\/07\/D0226A01-B340-4DDA-AE84-98F479F0A60C-70x70.jpg 70w, https:\/\/driewes.de\/wp-content\/uploads\/2019\/07\/D0226A01-B340-4DDA-AE84-98F479F0A60C-127x127.jpg 127w, https:\/\/driewes.de\/wp-content\/uploads\/2019\/07\/D0226A01-B340-4DDA-AE84-98F479F0A60C-476x476.jpg 476w, https:\/\/driewes.de\/wp-content\/uploads\/2019\/07\/D0226A01-B340-4DDA-AE84-98F479F0A60C-125x125.jpg 125w, https:\/\/driewes.de\/wp-content\/uploads\/2019\/07\/D0226A01-B340-4DDA-AE84-98F479F0A60C.jpg 1440w\" sizes=\"auto, (max-width: 1024px) 100vw, 1024px\" \/><\/a><\/figure><\/li><li class=\"blocks-gallery-item\"><figure><a href=\"http:\/\/driewes.de\/wp-content\/uploads\/2019\/07\/9406936E-2145-4523-9090-C48AE605F2CA.jpg\"><img loading=\"lazy\" decoding=\"async\" width=\"640\" height=\"640\" src=\"http:\/\/driewes.de\/wp-content\/uploads\/2019\/07\/9406936E-2145-4523-9090-C48AE605F2CA.jpg\" alt=\"\" data-id=\"914\" data-link=\"http:\/\/driewes.de\/?attachment_id=914\" class=\"wp-image-914\" srcset=\"https:\/\/driewes.de\/wp-content\/uploads\/2019\/07\/9406936E-2145-4523-9090-C48AE605F2CA.jpg 640w, https:\/\/driewes.de\/wp-content\/uploads\/2019\/07\/9406936E-2145-4523-9090-C48AE605F2CA-150x150.jpg 150w, https:\/\/driewes.de\/wp-content\/uploads\/2019\/07\/9406936E-2145-4523-9090-C48AE605F2CA-300x300.jpg 300w, https:\/\/driewes.de\/wp-content\/uploads\/2019\/07\/9406936E-2145-4523-9090-C48AE605F2CA-70x70.jpg 70w, https:\/\/driewes.de\/wp-content\/uploads\/2019\/07\/9406936E-2145-4523-9090-C48AE605F2CA-127x127.jpg 127w, https:\/\/driewes.de\/wp-content\/uploads\/2019\/07\/9406936E-2145-4523-9090-C48AE605F2CA-476x476.jpg 476w, https:\/\/driewes.de\/wp-content\/uploads\/2019\/07\/9406936E-2145-4523-9090-C48AE605F2CA-125x125.jpg 125w\" sizes=\"auto, (max-width: 640px) 100vw, 640px\" \/><\/a><\/figure><\/li><li class=\"blocks-gallery-item\"><figure><a href=\"http:\/\/driewes.de\/wp-content\/uploads\/2019\/07\/BBADF210-6F7D-49A4-B352-EF1FD79F3FDF.jpg\"><img loading=\"lazy\" decoding=\"async\" width=\"640\" height=\"640\" src=\"http:\/\/driewes.de\/wp-content\/uploads\/2019\/07\/BBADF210-6F7D-49A4-B352-EF1FD79F3FDF.jpg\" alt=\"\" data-id=\"915\" data-link=\"http:\/\/driewes.de\/?attachment_id=915\" class=\"wp-image-915\" srcset=\"https:\/\/driewes.de\/wp-content\/uploads\/2019\/07\/BBADF210-6F7D-49A4-B352-EF1FD79F3FDF.jpg 640w, https:\/\/driewes.de\/wp-content\/uploads\/2019\/07\/BBADF210-6F7D-49A4-B352-EF1FD79F3FDF-150x150.jpg 150w, https:\/\/driewes.de\/wp-content\/uploads\/2019\/07\/BBADF210-6F7D-49A4-B352-EF1FD79F3FDF-300x300.jpg 300w, https:\/\/driewes.de\/wp-content\/uploads\/2019\/07\/BBADF210-6F7D-49A4-B352-EF1FD79F3FDF-70x70.jpg 70w, https:\/\/driewes.de\/wp-content\/uploads\/2019\/07\/BBADF210-6F7D-49A4-B352-EF1FD79F3FDF-127x127.jpg 127w, https:\/\/driewes.de\/wp-content\/uploads\/2019\/07\/BBADF210-6F7D-49A4-B352-EF1FD79F3FDF-476x476.jpg 476w, https:\/\/driewes.de\/wp-content\/uploads\/2019\/07\/BBADF210-6F7D-49A4-B352-EF1FD79F3FDF-125x125.jpg 125w\" sizes=\"auto, (max-width: 640px) 100vw, 640px\" \/><\/a><\/figure><\/li><li class=\"blocks-gallery-item\"><figure><a href=\"http:\/\/driewes.de\/wp-content\/uploads\/2019\/07\/69E95B8A-6229-472A-9DFC-D3880B4A13A9.jpg\"><img loading=\"lazy\" decoding=\"async\" width=\"640\" height=\"640\" src=\"http:\/\/driewes.de\/wp-content\/uploads\/2019\/07\/69E95B8A-6229-472A-9DFC-D3880B4A13A9.jpg\" alt=\"\" data-id=\"918\" data-link=\"http:\/\/driewes.de\/?attachment_id=918\" class=\"wp-image-918\" srcset=\"https:\/\/driewes.de\/wp-content\/uploads\/2019\/07\/69E95B8A-6229-472A-9DFC-D3880B4A13A9.jpg 640w, https:\/\/driewes.de\/wp-content\/uploads\/2019\/07\/69E95B8A-6229-472A-9DFC-D3880B4A13A9-150x150.jpg 150w, https:\/\/driewes.de\/wp-content\/uploads\/2019\/07\/69E95B8A-6229-472A-9DFC-D3880B4A13A9-300x300.jpg 300w, https:\/\/driewes.de\/wp-content\/uploads\/2019\/07\/69E95B8A-6229-472A-9DFC-D3880B4A13A9-70x70.jpg 70w, https:\/\/driewes.de\/wp-content\/uploads\/2019\/07\/69E95B8A-6229-472A-9DFC-D3880B4A13A9-127x127.jpg 127w, https:\/\/driewes.de\/wp-content\/uploads\/2019\/07\/69E95B8A-6229-472A-9DFC-D3880B4A13A9-476x476.jpg 476w, https:\/\/driewes.de\/wp-content\/uploads\/2019\/07\/69E95B8A-6229-472A-9DFC-D3880B4A13A9-125x125.jpg 125w\" sizes=\"auto, (max-width: 640px) 100vw, 640px\" \/><\/a><\/figure><\/li><li class=\"blocks-gallery-item\"><figure><a href=\"http:\/\/driewes.de\/wp-content\/uploads\/2019\/07\/gemuese10-1024x768.jpg\"><img loading=\"lazy\" decoding=\"async\" width=\"1024\" height=\"768\" src=\"http:\/\/driewes.de\/wp-content\/uploads\/2019\/07\/gemuese10-1024x768.jpg\" alt=\"\" data-id=\"945\" data-link=\"http:\/\/driewes.de\/?attachment_id=945\" class=\"wp-image-945\" srcset=\"https:\/\/driewes.de\/wp-content\/uploads\/2019\/07\/gemuese10-1024x768.jpg 1024w, https:\/\/driewes.de\/wp-content\/uploads\/2019\/07\/gemuese10-300x225.jpg 300w, https:\/\/driewes.de\/wp-content\/uploads\/2019\/07\/gemuese10-768x576.jpg 768w, https:\/\/driewes.de\/wp-content\/uploads\/2019\/07\/gemuese10.jpg 1280w\" sizes=\"auto, (max-width: 1024px) 100vw, 1024px\" \/><\/a><\/figure><\/li><li class=\"blocks-gallery-item\"><figure><a href=\"http:\/\/driewes.de\/wp-content\/uploads\/2019\/07\/6662CBA1-990F-4B46-BF16-256AE3FF0361.jpg\"><img loading=\"lazy\" decoding=\"async\" width=\"640\" height=\"640\" src=\"http:\/\/driewes.de\/wp-content\/uploads\/2019\/07\/6662CBA1-990F-4B46-BF16-256AE3FF0361.jpg\" alt=\"\" data-id=\"913\" data-link=\"http:\/\/driewes.de\/?attachment_id=913\" class=\"wp-image-913\" srcset=\"https:\/\/driewes.de\/wp-content\/uploads\/2019\/07\/6662CBA1-990F-4B46-BF16-256AE3FF0361.jpg 640w, https:\/\/driewes.de\/wp-content\/uploads\/2019\/07\/6662CBA1-990F-4B46-BF16-256AE3FF0361-150x150.jpg 150w, https:\/\/driewes.de\/wp-content\/uploads\/2019\/07\/6662CBA1-990F-4B46-BF16-256AE3FF0361-300x300.jpg 300w, https:\/\/driewes.de\/wp-content\/uploads\/2019\/07\/6662CBA1-990F-4B46-BF16-256AE3FF0361-70x70.jpg 70w, https:\/\/driewes.de\/wp-content\/uploads\/2019\/07\/6662CBA1-990F-4B46-BF16-256AE3FF0361-127x127.jpg 127w, https:\/\/driewes.de\/wp-content\/uploads\/2019\/07\/6662CBA1-990F-4B46-BF16-256AE3FF0361-476x476.jpg 476w, https:\/\/driewes.de\/wp-content\/uploads\/2019\/07\/6662CBA1-990F-4B46-BF16-256AE3FF0361-125x125.jpg 125w\" sizes=\"auto, (max-width: 640px) 100vw, 640px\" \/><\/a><\/figure><\/li><li class=\"blocks-gallery-item\"><figure><a href=\"http:\/\/driewes.de\/wp-content\/uploads\/2019\/07\/gemuese09-1024x768.jpg\"><img loading=\"lazy\" decoding=\"async\" width=\"1024\" height=\"768\" src=\"http:\/\/driewes.de\/wp-content\/uploads\/2019\/07\/gemuese09-1024x768.jpg\" alt=\"\" data-id=\"944\" data-link=\"http:\/\/driewes.de\/?attachment_id=944\" class=\"wp-image-944\" srcset=\"https:\/\/driewes.de\/wp-content\/uploads\/2019\/07\/gemuese09-1024x768.jpg 1024w, https:\/\/driewes.de\/wp-content\/uploads\/2019\/07\/gemuese09-300x225.jpg 300w, https:\/\/driewes.de\/wp-content\/uploads\/2019\/07\/gemuese09-768x576.jpg 768w, https:\/\/driewes.de\/wp-content\/uploads\/2019\/07\/gemuese09.jpg 1280w\" sizes=\"auto, (max-width: 1024px) 100vw, 1024px\" \/><\/a><\/figure><\/li><\/ul>\n\n\n\n<p><\/p>\n","protected":false},"excerpt":{"rendered":"<p>Ein Gem\u00fcsegarten wie aus dem Bilderbuch&nbsp; Auf 3000 m2&nbsp;&nbsp;Land hat Andrea Junk 2003 begonnen mit viel Wissen und Leidenschaft ihren Garten anzulegen, die Grundlage zu schaffen f\u00fcr Bohnen und Erbsen, Zucchini und Mangold, Rote Bete, Zwiebeln, Kartoffeln und einiges mehr. Alle Pflanzen werden von ihr selbst ab Februar vorgezogenund wandern dann so nach und nach [&hellip;]<\/p>\n","protected":false},"author":3,"featured_media":0,"parent":324,"menu_order":0,"comment_status":"closed","ping_status":"closed","template":"","meta":{"footnotes":""},"class_list":["post-910","page","type-page","status-publish","hentry"],"_links":{"self":[{"href":"https:\/\/driewes.de\/index.php?rest_route=\/wp\/v2\/pages\/910","targetHints":{"allow":["GET"]}}],"collection":[{"href":"https:\/\/driewes.de\/index.php?rest_route=\/wp\/v2\/pages"}],"about":[{"href":"https:\/\/driewes.de\/index.php?rest_route=\/wp\/v2\/types\/page"}],"author":[{"embeddable":true,"href":"https:\/\/driewes.de\/index.php?rest_route=\/wp\/v2\/users\/3"}],"replies":[{"embeddable":true,"href":"https:\/\/driewes.de\/index.php?rest_route=%2Fwp%2Fv2%2Fcomments&post=910"}],"version-history":[{"count":17,"href":"https:\/\/driewes.de\/index.php?rest_route=\/wp\/v2\/pages\/910\/revisions"}],"predecessor-version":[{"id":1057,"href":"https:\/\/driewes.de\/index.php?rest_route=\/wp\/v2\/pages\/910\/revisions\/1057"}],"up":[{"embeddable":true,"href":"https:\/\/driewes.de\/index.php?rest_route=\/wp\/v2\/pages\/324"}],"wp:attachment":[{"href":"https:\/\/driewes.de\/index.php?rest_route=%2Fwp%2Fv2%2Fmedia&parent=910"}],"curies":[{"name":"wp","href":"https:\/\/api.w.org\/{rel}","templated":true}]}}