{"id":800,"date":"2019-07-05T11:15:00","date_gmt":"2019-07-05T11:15:00","guid":{"rendered":"http:\/\/driewes.de\/?page_id=800"},"modified":"2019-07-05T13:03:01","modified_gmt":"2019-07-05T13:03:01","slug":"kraeuterseife","status":"publish","type":"page","link":"https:\/\/driewes.de\/?page_id=800","title":{"rendered":"Kr\u00e4uterseife"},"content":{"rendered":"\n<figure class=\"wp-block-image\"><img loading=\"lazy\" decoding=\"async\" width=\"1512\" height=\"1682\" src=\"http:\/\/driewes.de\/wp-content\/uploads\/2019\/07\/IMG_6185.jpg\" alt=\"\" class=\"wp-image-801\" srcset=\"https:\/\/driewes.de\/wp-content\/uploads\/2019\/07\/IMG_6185.jpg 1512w, https:\/\/driewes.de\/wp-content\/uploads\/2019\/07\/IMG_6185-270x300.jpg 270w, https:\/\/driewes.de\/wp-content\/uploads\/2019\/07\/IMG_6185-768x854.jpg 768w, https:\/\/driewes.de\/wp-content\/uploads\/2019\/07\/IMG_6185-921x1024.jpg 921w\" sizes=\"auto, (max-width: 1512px) 100vw, 1512px\" \/><figcaption>Anfang Juli stehen Salbei, Rosmarin und Thymian duftend im Beet.<br><br><\/figcaption><\/figure>\n\n\n\n<p>500 g wei\u00dfe Rohseife<br>Silikongussform<br>R\u00fchrl\u00f6ffel<br>Handvoll Kr\u00e4uter<\/p>\n\n\n\n<p>Die Kr\u00e4uter in kleine St\u00fccke schneiden oder zupfen. Dann die Rohseife im hei\u00dfen Wasserbad unter R\u00fchren zum schmelzen bringen. Sobald die Seife fl\u00fcssig ist, die Kr\u00e4uter einf\u00fcllen. Alles gut durchr\u00fchren und sofort in die Gussform geben. Die Masse im K\u00fchlschrank ausk\u00fchlen lassen und dann die duftende Seife aus der Form nehmen.<\/p>\n\n\n\n<ul class=\"wp-block-gallery columns-3 is-cropped wp-block-gallery-1 is-layout-flex wp-block-gallery-is-layout-flex\"><li class=\"blocks-gallery-item\"><figure><img loading=\"lazy\" decoding=\"async\" width=\"1024\" height=\"768\" src=\"http:\/\/driewes.de\/wp-content\/uploads\/2019\/07\/IMG_6230-1024x768.jpg\" alt=\"\" data-id=\"802\" data-link=\"http:\/\/driewes.de\/?attachment_id=802\" class=\"wp-image-802\" srcset=\"https:\/\/driewes.de\/wp-content\/uploads\/2019\/07\/IMG_6230-1024x768.jpg 1024w, https:\/\/driewes.de\/wp-content\/uploads\/2019\/07\/IMG_6230-300x225.jpg 300w, https:\/\/driewes.de\/wp-content\/uploads\/2019\/07\/IMG_6230-768x576.jpg 768w, https:\/\/driewes.de\/wp-content\/uploads\/2019\/07\/IMG_6230.jpg 2016w\" sizes=\"auto, (max-width: 1024px) 100vw, 1024px\" \/><figcaption>Gussform <\/figcaption><\/figure><\/li><li class=\"blocks-gallery-item\"><figure><img loading=\"lazy\" decoding=\"async\" width=\"1024\" height=\"768\" src=\"http:\/\/driewes.de\/wp-content\/uploads\/2019\/07\/IMG_6232-1024x768.jpg\" alt=\"\" data-id=\"803\" data-link=\"http:\/\/driewes.de\/?attachment_id=803\" class=\"wp-image-803\" srcset=\"https:\/\/driewes.de\/wp-content\/uploads\/2019\/07\/IMG_6232-1024x768.jpg 1024w, https:\/\/driewes.de\/wp-content\/uploads\/2019\/07\/IMG_6232-300x225.jpg 300w, https:\/\/driewes.de\/wp-content\/uploads\/2019\/07\/IMG_6232-768x576.jpg 768w, https:\/\/driewes.de\/wp-content\/uploads\/2019\/07\/IMG_6232.jpg 2016w\" sizes=\"auto, (max-width: 1024px) 100vw, 1024px\" \/><figcaption>Schmelzvorgang<\/figcaption><\/figure><\/li><li class=\"blocks-gallery-item\"><figure><img loading=\"lazy\" decoding=\"async\" width=\"768\" height=\"1024\" src=\"http:\/\/driewes.de\/wp-content\/uploads\/2019\/07\/IMG_6235-2-e1562325171757-768x1024.jpg\" alt=\"\" data-id=\"804\" data-link=\"http:\/\/driewes.de\/?attachment_id=804\" class=\"wp-image-804\" srcset=\"https:\/\/driewes.de\/wp-content\/uploads\/2019\/07\/IMG_6235-2-e1562325171757-768x1024.jpg 768w, https:\/\/driewes.de\/wp-content\/uploads\/2019\/07\/IMG_6235-2-e1562325171757-225x300.jpg 225w, https:\/\/driewes.de\/wp-content\/uploads\/2019\/07\/IMG_6235-2-e1562325171757.jpg 1512w\" sizes=\"auto, (max-width: 768px) 100vw, 768px\" \/><figcaption>fertige Seife<\/figcaption><\/figure><\/li><\/ul>\n","protected":false},"excerpt":{"rendered":"<p>500 g wei\u00dfe RohseifeSilikongussformR\u00fchrl\u00f6ffelHandvoll Kr\u00e4uter Die Kr\u00e4uter in kleine St\u00fccke schneiden oder zupfen. Dann die Rohseife im hei\u00dfen Wasserbad unter R\u00fchren zum schmelzen bringen. Sobald die Seife fl\u00fcssig ist, die Kr\u00e4uter einf\u00fcllen. Alles gut durchr\u00fchren und sofort in die Gussform geben. Die Masse im K\u00fchlschrank ausk\u00fchlen lassen und dann die duftende Seife aus der Form [&hellip;]<\/p>\n","protected":false},"author":3,"featured_media":0,"parent":0,"menu_order":0,"comment_status":"closed","ping_status":"closed","template":"","meta":{"footnotes":""},"class_list":["post-800","page","type-page","status-publish","hentry"],"_links":{"self":[{"href":"https:\/\/driewes.de\/index.php?rest_route=\/wp\/v2\/pages\/800","targetHints":{"allow":["GET"]}}],"collection":[{"href":"https:\/\/driewes.de\/index.php?rest_route=\/wp\/v2\/pages"}],"about":[{"href":"https:\/\/driewes.de\/index.php?rest_route=\/wp\/v2\/types\/page"}],"author":[{"embeddable":true,"href":"https:\/\/driewes.de\/index.php?rest_route=\/wp\/v2\/users\/3"}],"replies":[{"embeddable":true,"href":"https:\/\/driewes.de\/index.php?rest_route=%2Fwp%2Fv2%2Fcomments&post=800"}],"version-history":[{"count":7,"href":"https:\/\/driewes.de\/index.php?rest_route=\/wp\/v2\/pages\/800\/revisions"}],"predecessor-version":[{"id":817,"href":"https:\/\/driewes.de\/index.php?rest_route=\/wp\/v2\/pages\/800\/revisions\/817"}],"wp:attachment":[{"href":"https:\/\/driewes.de\/index.php?rest_route=%2Fwp%2Fv2%2Fmedia&parent=800"}],"curies":[{"name":"wp","href":"https:\/\/api.w.org\/{rel}","templated":true}]}}