{"id":727,"date":"2019-07-05T07:31:59","date_gmt":"2019-07-05T07:31:59","guid":{"rendered":"http:\/\/driewes.de\/?page_id=727"},"modified":"2019-07-05T10:35:15","modified_gmt":"2019-07-05T10:35:15","slug":"gernsdorfer-weidekaempe","status":"publish","type":"page","link":"https:\/\/driewes.de\/?page_id=727","title":{"rendered":"Gernsdorfer Weidek\u00e4mpe"},"content":{"rendered":"\n<h4 class=\"wp-block-heading\">Kulturlandschaft zum H\u00f6ren<\/h4>\n\n\n\n<figure class=\"wp-block-image\"><img loading=\"lazy\" decoding=\"async\" width=\"1024\" height=\"769\" src=\"http:\/\/driewes.de\/wp-content\/uploads\/2019\/07\/IMG_6634-2-1024x769.jpg\" alt=\"\" class=\"wp-image-729\" srcset=\"https:\/\/driewes.de\/wp-content\/uploads\/2019\/07\/IMG_6634-2-1024x769.jpg 1024w, https:\/\/driewes.de\/wp-content\/uploads\/2019\/07\/IMG_6634-2-300x225.jpg 300w, https:\/\/driewes.de\/wp-content\/uploads\/2019\/07\/IMG_6634-2-768x577.jpg 768w, https:\/\/driewes.de\/wp-content\/uploads\/2019\/07\/IMG_6634-2.jpg 1886w\" sizes=\"auto, (max-width: 1024px) 100vw, 1024px\" \/><figcaption>Blick auf die Weidek\u00e4mpe<\/figcaption><\/figure>\n\n\n\n<p>Lust auf Input zu Flora und Fauna einer alt b\u00e4uerlichen Kulturlandschaft? Dann auf zur <strong>Gernsdorfer Weidek\u00e4mp<\/strong>e bei Wilnsdorf. Dort zwitschern in wundersch\u00f6nen Nass- und Feuchtwiesen, die gef\u00e4hrdeten Wiesenbr\u00fcter Braunkehlchen und Wiesenpieper. Wer in den unterschiedlichen Biotoptypen genau hinschaut, kann zwischen Mai bis Juni Hunderttausende Orchideen wie Waldhyazinthen und gefleckte Knabenkr\u00e4uter entdecken und bewundern. Auf Borstgrasrasenfl\u00e4chen sind Arnika und Kreuzbl\u00fcmchen zu finden.  Ganz besonders finden wir die <strong>8 Audioinfostationen<\/strong>, die kurzweilig Einblicke in diesen gesch\u00fctzten Ort mit \u00fcber 102 Hektar Fl\u00e4che im Siegerland geben. Das Gebiet ist ein FFH-(Floro-Fauna-Habitat-)Gebiet und unterliegt somit dem Naturschutz nach europ\u00e4ischem Recht. <\/p>\n\n\n\n<ul class=\"wp-block-gallery columns-3 is-cropped wp-block-gallery-1 is-layout-flex wp-block-gallery-is-layout-flex\"><li class=\"blocks-gallery-item\"><figure><a href=\"http:\/\/driewes.de\/wp-content\/uploads\/2019\/07\/IMG_6626-1024x768.jpg\"><img loading=\"lazy\" decoding=\"async\" width=\"1024\" height=\"768\" src=\"http:\/\/driewes.de\/wp-content\/uploads\/2019\/07\/IMG_6626-1024x768.jpg\" alt=\"\" data-id=\"737\" data-link=\"http:\/\/driewes.de\/?attachment_id=737\" class=\"wp-image-737\" srcset=\"https:\/\/driewes.de\/wp-content\/uploads\/2019\/07\/IMG_6626-1024x768.jpg 1024w, https:\/\/driewes.de\/wp-content\/uploads\/2019\/07\/IMG_6626-300x225.jpg 300w, https:\/\/driewes.de\/wp-content\/uploads\/2019\/07\/IMG_6626-768x576.jpg 768w, https:\/\/driewes.de\/wp-content\/uploads\/2019\/07\/IMG_6626.jpg 2016w\" sizes=\"auto, (max-width: 1024px) 100vw, 1024px\" \/><\/a><\/figure><\/li><li class=\"blocks-gallery-item\"><figure><a href=\"http:\/\/driewes.de\/wp-content\/uploads\/2019\/07\/IMG_6629-1024x768.jpg\"><img loading=\"lazy\" decoding=\"async\" width=\"1024\" height=\"768\" src=\"http:\/\/driewes.de\/wp-content\/uploads\/2019\/07\/IMG_6629-1024x768.jpg\" alt=\"\" data-id=\"738\" data-link=\"http:\/\/driewes.de\/?attachment_id=738\" class=\"wp-image-738\" srcset=\"https:\/\/driewes.de\/wp-content\/uploads\/2019\/07\/IMG_6629-1024x768.jpg 1024w, https:\/\/driewes.de\/wp-content\/uploads\/2019\/07\/IMG_6629-300x225.jpg 300w, https:\/\/driewes.de\/wp-content\/uploads\/2019\/07\/IMG_6629-768x576.jpg 768w, https:\/\/driewes.de\/wp-content\/uploads\/2019\/07\/IMG_6629.jpg 1882w\" sizes=\"auto, (max-width: 1024px) 100vw, 1024px\" \/><\/a><\/figure><\/li><li class=\"blocks-gallery-item\"><figure><a href=\"http:\/\/driewes.de\/wp-content\/uploads\/2019\/07\/IMG_6604-e1562311616831-768x1024.jpg\"><img loading=\"lazy\" decoding=\"async\" width=\"768\" height=\"1024\" src=\"http:\/\/driewes.de\/wp-content\/uploads\/2019\/07\/IMG_6604-e1562311616831-768x1024.jpg\" alt=\"\" data-id=\"736\" data-link=\"http:\/\/driewes.de\/?attachment_id=736\" class=\"wp-image-736\" srcset=\"https:\/\/driewes.de\/wp-content\/uploads\/2019\/07\/IMG_6604-e1562311616831-768x1024.jpg 768w, https:\/\/driewes.de\/wp-content\/uploads\/2019\/07\/IMG_6604-e1562311616831-225x300.jpg 225w, https:\/\/driewes.de\/wp-content\/uploads\/2019\/07\/IMG_6604-e1562311616831.jpg 1512w\" sizes=\"auto, (max-width: 768px) 100vw, 768px\" \/><\/a><\/figure><\/li><li class=\"blocks-gallery-item\"><figure><a href=\"http:\/\/driewes.de\/wp-content\/uploads\/2019\/07\/IMG_6636-e1562311783148-768x1024.jpg\"><img loading=\"lazy\" decoding=\"async\" width=\"768\" height=\"1024\" src=\"http:\/\/driewes.de\/wp-content\/uploads\/2019\/07\/IMG_6636-e1562311783148-768x1024.jpg\" alt=\"\" data-id=\"739\" data-link=\"http:\/\/driewes.de\/?attachment_id=739\" class=\"wp-image-739\" srcset=\"https:\/\/driewes.de\/wp-content\/uploads\/2019\/07\/IMG_6636-e1562311783148-768x1024.jpg 768w, https:\/\/driewes.de\/wp-content\/uploads\/2019\/07\/IMG_6636-e1562311783148-225x300.jpg 225w, https:\/\/driewes.de\/wp-content\/uploads\/2019\/07\/IMG_6636-e1562311783148.jpg 1512w\" sizes=\"auto, (max-width: 768px) 100vw, 768px\" \/><\/a><\/figure><\/li><li class=\"blocks-gallery-item\"><figure><a href=\"http:\/\/driewes.de\/wp-content\/uploads\/2019\/07\/IMG_6601-e1562311873103-768x1024.jpg\"><img loading=\"lazy\" decoding=\"async\" width=\"768\" height=\"1024\" src=\"http:\/\/driewes.de\/wp-content\/uploads\/2019\/07\/IMG_6601-e1562311873103-768x1024.jpg\" alt=\"\" data-id=\"735\" data-link=\"http:\/\/driewes.de\/?attachment_id=735\" class=\"wp-image-735\" srcset=\"https:\/\/driewes.de\/wp-content\/uploads\/2019\/07\/IMG_6601-e1562311873103-768x1024.jpg 768w, https:\/\/driewes.de\/wp-content\/uploads\/2019\/07\/IMG_6601-e1562311873103-225x300.jpg 225w, https:\/\/driewes.de\/wp-content\/uploads\/2019\/07\/IMG_6601-e1562311873103.jpg 1512w\" sizes=\"auto, (max-width: 768px) 100vw, 768px\" \/><\/a><\/figure><\/li><\/ul>\n\n\n\n<figure class=\"wp-block-video\"><video height=\"320\" style=\"aspect-ratio: 568 \/ 320;\" width=\"568\" controls src=\"http:\/\/driewes.de\/wp-content\/uploads\/2019\/07\/Video.mov\"><\/video><\/figure>\n\n\n\n<div class=\"wp-block-webfactory-map\"><div class=\"wp-block-webfactory-map\"><iframe loading=\"lazy\" width=\"100%\" height=\"300px\" src=\"https:\/\/www.google.com\/maps\/embed\/v1\/place?q=gernsdorfer%20weidek%C3%A4mpe&amp;maptype=roadmap&amp;zoom=10&amp;key=AIzaSyAjyDspiPfzEfjRSS5fQzm-3jHFjHxeXB4\" frameborder=\"0\"><\/iframe><\/div><\/div>\n","protected":false},"excerpt":{"rendered":"<p>Kulturlandschaft zum H\u00f6ren Lust auf Input zu Flora und Fauna einer alt b\u00e4uerlichen Kulturlandschaft? Dann auf zur Gernsdorfer Weidek\u00e4mpe bei Wilnsdorf. Dort zwitschern in wundersch\u00f6nen Nass- und Feuchtwiesen, die gef\u00e4hrdeten Wiesenbr\u00fcter Braunkehlchen und Wiesenpieper. Wer in den unterschiedlichen Biotoptypen genau hinschaut, kann zwischen Mai bis Juni Hunderttausende Orchideen wie Waldhyazinthen und gefleckte Knabenkr\u00e4uter entdecken und [&hellip;]<\/p>\n","protected":false},"author":3,"featured_media":0,"parent":322,"menu_order":0,"comment_status":"closed","ping_status":"closed","template":"","meta":{"footnotes":""},"class_list":["post-727","page","type-page","status-publish","hentry"],"_links":{"self":[{"href":"https:\/\/driewes.de\/index.php?rest_route=\/wp\/v2\/pages\/727","targetHints":{"allow":["GET"]}}],"collection":[{"href":"https:\/\/driewes.de\/index.php?rest_route=\/wp\/v2\/pages"}],"about":[{"href":"https:\/\/driewes.de\/index.php?rest_route=\/wp\/v2\/types\/page"}],"author":[{"embeddable":true,"href":"https:\/\/driewes.de\/index.php?rest_route=\/wp\/v2\/users\/3"}],"replies":[{"embeddable":true,"href":"https:\/\/driewes.de\/index.php?rest_route=%2Fwp%2Fv2%2Fcomments&post=727"}],"version-history":[{"count":4,"href":"https:\/\/driewes.de\/index.php?rest_route=\/wp\/v2\/pages\/727\/revisions"}],"predecessor-version":[{"id":777,"href":"https:\/\/driewes.de\/index.php?rest_route=\/wp\/v2\/pages\/727\/revisions\/777"}],"up":[{"embeddable":true,"href":"https:\/\/driewes.de\/index.php?rest_route=\/wp\/v2\/pages\/322"}],"wp:attachment":[{"href":"https:\/\/driewes.de\/index.php?rest_route=%2Fwp%2Fv2%2Fmedia&parent=727"}],"curies":[{"name":"wp","href":"https:\/\/api.w.org\/{rel}","templated":true}]}}