{"id":494,"date":"2019-05-15T08:43:21","date_gmt":"2019-05-15T08:43:21","guid":{"rendered":"http:\/\/driewes.de\/?page_id=494"},"modified":"2019-09-04T16:56:49","modified_gmt":"2019-09-04T14:56:49","slug":"autobahnkirche-wilnsdorf","status":"publish","type":"page","link":"https:\/\/driewes.de\/?page_id=494","title":{"rendered":"Autobahnkirche Wilnsdorf"},"content":{"rendered":"\n<p><strong>Ort der Stille<\/strong><\/p>\n\n\n\n<ul class=\"wp-block-gallery columns-1 is-cropped wp-block-gallery-1 is-layout-flex wp-block-gallery-is-layout-flex\"><li class=\"blocks-gallery-item\"><figure><img loading=\"lazy\" decoding=\"async\" width=\"1024\" height=\"683\" src=\"http:\/\/driewes.de\/wp-content\/uploads\/2019\/05\/ABKirche00-1024x683.jpg\" alt=\"\" data-id=\"501\" data-link=\"http:\/\/driewes.de\/?attachment_id=501\" class=\"wp-image-501\" srcset=\"https:\/\/driewes.de\/wp-content\/uploads\/2019\/05\/ABKirche00-1024x683.jpg 1024w, https:\/\/driewes.de\/wp-content\/uploads\/2019\/05\/ABKirche00-300x200.jpg 300w, https:\/\/driewes.de\/wp-content\/uploads\/2019\/05\/ABKirche00-768x512.jpg 768w, https:\/\/driewes.de\/wp-content\/uploads\/2019\/05\/ABKirche00-750x500.jpg 750w\" sizes=\"auto, (max-width: 1024px) 100vw, 1024px\" \/><\/figure><\/li><\/ul>\n\n\n\n<p>Nimmt man die Autobahnabfahrt Wilnsdorf, so gelangt man auf den Autohof mit Tankstelle, Rasthof und Waschanlagen. Auf fast surreale Weise steigt mitten drin ein puristisches Geb\u00e4ude in einer reinwei\u00dfen H\u00fclle auf: die Autobahnkirche Siegerland. Ein Architektur-Highlight, das 2013 als \u00fcberkonfessioneller Ort f\u00fcr Menschen er\u00f6ffnet wurde, die unterwegs sind oder einfach f\u00fcr sich zur Ruhe kommen m\u00f6chten. Im Inneren verebbt jeder L\u00e4rm und die wabenhafte h\u00f6lzerne Innenkuppel umh\u00fcllt die Besucherinnen und Besucher. Durch die beiden Turmspitzen f\u00e4llt Licht ein und eine besondere Atmosph\u00e4re entsteht. 24 Stunden am Tag kann man dort einkehren und das ausliegende G\u00e4stebuch zeugt davon, dass es viele Menschen gibt, die dort innehalten und f\u00fcr einen Moment das Rauschen der Welt drau\u00dfen lassen.<\/p>\n\n\n\n<ul class=\"wp-block-gallery columns-2 is-cropped wp-block-gallery-2 is-layout-flex wp-block-gallery-is-layout-flex\"><li class=\"blocks-gallery-item\"><figure><img loading=\"lazy\" decoding=\"async\" width=\"683\" height=\"1024\" src=\"http:\/\/driewes.de\/wp-content\/uploads\/2019\/05\/ABKirche01-683x1024.jpg\" alt=\"\" data-id=\"502\" data-link=\"http:\/\/driewes.de\/?attachment_id=502\" class=\"wp-image-502\" srcset=\"https:\/\/driewes.de\/wp-content\/uploads\/2019\/05\/ABKirche01-683x1024.jpg 683w, https:\/\/driewes.de\/wp-content\/uploads\/2019\/05\/ABKirche01-200x300.jpg 200w, https:\/\/driewes.de\/wp-content\/uploads\/2019\/05\/ABKirche01-768x1152.jpg 768w, https:\/\/driewes.de\/wp-content\/uploads\/2019\/05\/ABKirche01.jpg 2000w\" sizes=\"auto, (max-width: 683px) 100vw, 683px\" \/><\/figure><\/li><li class=\"blocks-gallery-item\"><figure><img loading=\"lazy\" decoding=\"async\" width=\"683\" height=\"1024\" src=\"http:\/\/driewes.de\/wp-content\/uploads\/2019\/05\/ABKirche03-683x1024.jpg\" alt=\"\" data-id=\"504\" data-link=\"http:\/\/driewes.de\/?attachment_id=504\" class=\"wp-image-504\" srcset=\"https:\/\/driewes.de\/wp-content\/uploads\/2019\/05\/ABKirche03-683x1024.jpg 683w, https:\/\/driewes.de\/wp-content\/uploads\/2019\/05\/ABKirche03-200x300.jpg 200w, https:\/\/driewes.de\/wp-content\/uploads\/2019\/05\/ABKirche03-768x1152.jpg 768w, https:\/\/driewes.de\/wp-content\/uploads\/2019\/05\/ABKirche03.jpg 2000w\" sizes=\"auto, (max-width: 683px) 100vw, 683px\" \/><\/figure><\/li><\/ul>\n\n\n\n<figure class=\"wp-block-image\"><img loading=\"lazy\" decoding=\"async\" width=\"1024\" height=\"683\" src=\"http:\/\/driewes.de\/wp-content\/uploads\/2019\/05\/ABKirche02-1024x683.jpg\" alt=\"\" class=\"wp-image-503\" srcset=\"https:\/\/driewes.de\/wp-content\/uploads\/2019\/05\/ABKirche02-1024x683.jpg 1024w, https:\/\/driewes.de\/wp-content\/uploads\/2019\/05\/ABKirche02-300x200.jpg 300w, https:\/\/driewes.de\/wp-content\/uploads\/2019\/05\/ABKirche02-768x512.jpg 768w, https:\/\/driewes.de\/wp-content\/uploads\/2019\/05\/ABKirche02-750x500.jpg 750w\" sizes=\"auto, (max-width: 1024px) 100vw, 1024px\" \/><\/figure>\n\n\n\n<div class=\"wp-block-webfactory-map\"><div class=\"wp-block-webfactory-map\"><iframe loading=\"lazy\" width=\"100%\" height=\"300px\" src=\"https:\/\/www.google.com\/maps\/embed\/v1\/place?q=Autobahnkirche%20Wilnsdorf%2C%20Elkersberg%2C%2057234%20Wilnsdorf%2C%20Germany&amp;maptype=roadmap&amp;zoom=10&amp;key=AIzaSyAjyDspiPfzEfjRSS5fQzm-3jHFjHxeXB4\" frameborder=\"0\"><\/iframe><\/div><\/div>\n\n\n\n<p><a href=\"http:\/\/www.autobahnkirche-siegerland.de\">www.autobahnkirche-siegerland.de<\/a><\/p>\n","protected":false},"excerpt":{"rendered":"<p>Ort der Stille Nimmt man die Autobahnabfahrt Wilnsdorf, so gelangt man auf den Autohof mit Tankstelle, Rasthof und Waschanlagen. Auf fast surreale Weise steigt mitten drin ein puristisches Geb\u00e4ude in einer reinwei\u00dfen H\u00fclle auf: die Autobahnkirche Siegerland. Ein Architektur-Highlight, das 2013 als \u00fcberkonfessioneller Ort f\u00fcr Menschen er\u00f6ffnet wurde, die unterwegs sind oder einfach f\u00fcr sich [&hellip;]<\/p>\n","protected":false},"author":2,"featured_media":0,"parent":322,"menu_order":0,"comment_status":"closed","ping_status":"closed","template":"","meta":{"footnotes":""},"class_list":["post-494","page","type-page","status-publish","hentry"],"_links":{"self":[{"href":"https:\/\/driewes.de\/index.php?rest_route=\/wp\/v2\/pages\/494","targetHints":{"allow":["GET"]}}],"collection":[{"href":"https:\/\/driewes.de\/index.php?rest_route=\/wp\/v2\/pages"}],"about":[{"href":"https:\/\/driewes.de\/index.php?rest_route=\/wp\/v2\/types\/page"}],"author":[{"embeddable":true,"href":"https:\/\/driewes.de\/index.php?rest_route=\/wp\/v2\/users\/2"}],"replies":[{"embeddable":true,"href":"https:\/\/driewes.de\/index.php?rest_route=%2Fwp%2Fv2%2Fcomments&post=494"}],"version-history":[{"count":14,"href":"https:\/\/driewes.de\/index.php?rest_route=\/wp\/v2\/pages\/494\/revisions"}],"predecessor-version":[{"id":1067,"href":"https:\/\/driewes.de\/index.php?rest_route=\/wp\/v2\/pages\/494\/revisions\/1067"}],"up":[{"embeddable":true,"href":"https:\/\/driewes.de\/index.php?rest_route=\/wp\/v2\/pages\/322"}],"wp:attachment":[{"href":"https:\/\/driewes.de\/index.php?rest_route=%2Fwp%2Fv2%2Fmedia&parent=494"}],"curies":[{"name":"wp","href":"https:\/\/api.w.org\/{rel}","templated":true}]}}