{"id":1880,"date":"2022-10-23T14:52:20","date_gmt":"2022-10-23T12:52:20","guid":{"rendered":"https:\/\/driewes.de\/?page_id=1880"},"modified":"2022-10-23T14:52:20","modified_gmt":"2022-10-23T12:52:20","slug":"gluecksorte-in-und-um-siegen","status":"publish","type":"page","link":"https:\/\/driewes.de\/?page_id=1880","title":{"rendered":"Gl\u00fccksorte in und um Siegen"},"content":{"rendered":"\n<h4 class=\"wp-block-heading\">Fahr hin und werd gl\u00fccklich<\/h4>\n\n\n\n<h5 class=\"wp-block-heading\"><\/h5>\n\n\n\n<p>Wer in und um Siegen auf Gl\u00fcckssuche geht, kann nur gewinnen, denn die Stadt und ihr Umland haben einiges zu bieten. Susanne Propach und Sabine Ullrich entf\u00fchren auf ihrer Entdeckungsreise an verwunschene Gew\u00e4sser, laden zu au\u00dfergew\u00f6hnlichen Gaumenfreuden ein und heben \u00fcberraschende Sch\u00e4tze. Wer im Schatten gleich zweier Schl\u00f6sser flanieren, sich vom Duft frisch gebackenen Kartoffelbrotes verf\u00fchren lassen, ein Rendezvous mit Rubens erleben oder mit dem Mountainbike steil bergab sausen will, ist hier genau richtig.<\/p>\n\n\n\n<p>Dieses Buch soll Sie mitnehmen an verborgene Pl\u00e4tze, in berauschend sch\u00f6ne Natur, zu engagierten, spannenden Menschen und zu vielf\u00e4ltigen Gaumenfreuden.<\/p>\n\n\n\n<figure class=\"wp-block-image size-large\"><img loading=\"lazy\" decoding=\"async\" width=\"768\" height=\"1024\" src=\"https:\/\/driewes.de\/wp-content\/uploads\/2021\/07\/IMG_0405-768x1024.jpg\" alt=\"\" class=\"wp-image-1680\" srcset=\"https:\/\/driewes.de\/wp-content\/uploads\/2021\/07\/IMG_0405-768x1024.jpg 768w, https:\/\/driewes.de\/wp-content\/uploads\/2021\/07\/IMG_0405-225x300.jpg 225w, https:\/\/driewes.de\/wp-content\/uploads\/2021\/07\/IMG_0405-1152x1536.jpg 1152w, https:\/\/driewes.de\/wp-content\/uploads\/2021\/07\/IMG_0405-87x116.jpg 87w, https:\/\/driewes.de\/wp-content\/uploads\/2021\/07\/IMG_0405.jpg 1386w\" sizes=\"auto, (max-width: 768px) 100vw, 768px\" \/><\/figure>\n","protected":false},"excerpt":{"rendered":"<p>Fahr hin und werd gl\u00fccklich Wer in und um Siegen auf Gl\u00fcckssuche geht, kann nur gewinnen, denn die Stadt und ihr Umland haben einiges zu bieten. Susanne Propach und Sabine Ullrich entf\u00fchren auf ihrer Entdeckungsreise an verwunschene Gew\u00e4sser, laden zu au\u00dfergew\u00f6hnlichen Gaumenfreuden ein und heben \u00fcberraschende Sch\u00e4tze. Wer im Schatten gleich zweier Schl\u00f6sser flanieren, sich [&hellip;]<\/p>\n","protected":false},"author":3,"featured_media":0,"parent":0,"menu_order":0,"comment_status":"closed","ping_status":"closed","template":"","meta":{"footnotes":""},"class_list":["post-1880","page","type-page","status-publish","hentry"],"_links":{"self":[{"href":"https:\/\/driewes.de\/index.php?rest_route=\/wp\/v2\/pages\/1880","targetHints":{"allow":["GET"]}}],"collection":[{"href":"https:\/\/driewes.de\/index.php?rest_route=\/wp\/v2\/pages"}],"about":[{"href":"https:\/\/driewes.de\/index.php?rest_route=\/wp\/v2\/types\/page"}],"author":[{"embeddable":true,"href":"https:\/\/driewes.de\/index.php?rest_route=\/wp\/v2\/users\/3"}],"replies":[{"embeddable":true,"href":"https:\/\/driewes.de\/index.php?rest_route=%2Fwp%2Fv2%2Fcomments&post=1880"}],"version-history":[{"count":1,"href":"https:\/\/driewes.de\/index.php?rest_route=\/wp\/v2\/pages\/1880\/revisions"}],"predecessor-version":[{"id":1881,"href":"https:\/\/driewes.de\/index.php?rest_route=\/wp\/v2\/pages\/1880\/revisions\/1881"}],"wp:attachment":[{"href":"https:\/\/driewes.de\/index.php?rest_route=%2Fwp%2Fv2%2Fmedia&parent=1880"}],"curies":[{"name":"wp","href":"https:\/\/api.w.org\/{rel}","templated":true}]}}