{"id":1850,"date":"2022-10-23T14:41:26","date_gmt":"2022-10-23T12:41:26","guid":{"rendered":"https:\/\/driewes.de\/?page_id=1850"},"modified":"2022-10-23T14:41:26","modified_gmt":"2022-10-23T12:41:26","slug":"flying-dinner","status":"publish","type":"page","link":"https:\/\/driewes.de\/?page_id=1850","title":{"rendered":"Flying Dinner"},"content":{"rendered":"\n<p><strong>3 Haushalte 1 Men\u00fc &#8211; K\u00f6stlich Speisen mit Freunden und Nachbarn in Pademiezeiten<\/strong><\/p>\n\n\n\n<p>Das gesamte Men\u00fc ist eine \u00dcberraschung. Die drei G\u00e4nge werden auf drei Haushalte verteilt. Die Vorspeise Verantwortlichen machen auch den Lieferservice. Es gibt zu allen G\u00e4ngen einen mitgelieferten Getr\u00e4nkevorschlag. Gemeinsam ansto\u00dfen und quatschen via Zoom beim Aperitif.  Die Men\u00fcs sind nachhaltig verpackt und vorgekocht und m\u00fcssen nur noch aufgew\u00e4rmt werden. Es ist eine gro\u00dfe Freude die sch\u00f6n verpackten Leckereien vor der T\u00fcre zu finden, die Zutaten zu lesen und dann ein k\u00f6stliches Men\u00fc zu genie\u00dfen. Eine sch\u00f6ne Auszeit mit Freunden oder Nachbarn in Pandemiezeiten. <\/p>\n\n\n\n<p><\/p>\n\n\n\n<figure class=\"wp-block-gallery has-nested-images columns-default is-cropped wp-block-gallery-1 is-layout-flex wp-block-gallery-is-layout-flex\">\n<figure class=\"wp-block-image size-large\"><a href=\"https:\/\/driewes.de\/wp-content\/uploads\/2022\/10\/IMG_6056-rotated.jpg\"><img loading=\"lazy\" decoding=\"async\" width=\"480\" height=\"640\" data-id=\"1853\" src=\"https:\/\/driewes.de\/wp-content\/uploads\/2022\/10\/IMG_6056-rotated.jpg\" alt=\"\" class=\"wp-image-1853\" srcset=\"https:\/\/driewes.de\/wp-content\/uploads\/2022\/10\/IMG_6056-rotated.jpg 480w, https:\/\/driewes.de\/wp-content\/uploads\/2022\/10\/IMG_6056-225x300.jpg 225w, https:\/\/driewes.de\/wp-content\/uploads\/2022\/10\/IMG_6056-87x116.jpg 87w\" sizes=\"auto, (max-width: 480px) 100vw, 480px\" \/><\/a><\/figure>\n\n\n\n<figure class=\"wp-block-image size-large\"><a href=\"https:\/\/driewes.de\/wp-content\/uploads\/2022\/10\/IMG_6058-rotated.jpg\"><img loading=\"lazy\" decoding=\"async\" width=\"480\" height=\"640\" data-id=\"1856\" src=\"https:\/\/driewes.de\/wp-content\/uploads\/2022\/10\/IMG_6058-rotated.jpg\" alt=\"\" class=\"wp-image-1856\" srcset=\"https:\/\/driewes.de\/wp-content\/uploads\/2022\/10\/IMG_6058-rotated.jpg 480w, https:\/\/driewes.de\/wp-content\/uploads\/2022\/10\/IMG_6058-225x300.jpg 225w, https:\/\/driewes.de\/wp-content\/uploads\/2022\/10\/IMG_6058-87x116.jpg 87w\" sizes=\"auto, (max-width: 480px) 100vw, 480px\" \/><\/a><\/figure>\n\n\n\n<figure class=\"wp-block-image size-large\"><a href=\"https:\/\/driewes.de\/wp-content\/uploads\/2022\/10\/IMG_6059-rotated.jpg\"><img loading=\"lazy\" decoding=\"async\" width=\"480\" height=\"640\" data-id=\"1852\" src=\"https:\/\/driewes.de\/wp-content\/uploads\/2022\/10\/IMG_6059-rotated.jpg\" alt=\"\" class=\"wp-image-1852\" srcset=\"https:\/\/driewes.de\/wp-content\/uploads\/2022\/10\/IMG_6059-rotated.jpg 480w, https:\/\/driewes.de\/wp-content\/uploads\/2022\/10\/IMG_6059-225x300.jpg 225w, https:\/\/driewes.de\/wp-content\/uploads\/2022\/10\/IMG_6059-87x116.jpg 87w\" sizes=\"auto, (max-width: 480px) 100vw, 480px\" \/><\/a><\/figure>\n\n\n\n<figure class=\"wp-block-image size-large\"><a href=\"https:\/\/driewes.de\/wp-content\/uploads\/2022\/10\/IMG_6060-rotated.jpg\"><img loading=\"lazy\" decoding=\"async\" width=\"480\" height=\"640\" data-id=\"1851\" src=\"https:\/\/driewes.de\/wp-content\/uploads\/2022\/10\/IMG_6060-rotated.jpg\" alt=\"\" class=\"wp-image-1851\" srcset=\"https:\/\/driewes.de\/wp-content\/uploads\/2022\/10\/IMG_6060-rotated.jpg 480w, https:\/\/driewes.de\/wp-content\/uploads\/2022\/10\/IMG_6060-225x300.jpg 225w, https:\/\/driewes.de\/wp-content\/uploads\/2022\/10\/IMG_6060-87x116.jpg 87w\" sizes=\"auto, (max-width: 480px) 100vw, 480px\" \/><\/a><\/figure>\n\n\n\n<figure class=\"wp-block-image size-large\"><a href=\"https:\/\/driewes.de\/wp-content\/uploads\/2022\/10\/IMG_6061-rotated.jpg\"><img loading=\"lazy\" decoding=\"async\" width=\"480\" height=\"640\" data-id=\"1854\" src=\"https:\/\/driewes.de\/wp-content\/uploads\/2022\/10\/IMG_6061-rotated.jpg\" alt=\"\" class=\"wp-image-1854\" srcset=\"https:\/\/driewes.de\/wp-content\/uploads\/2022\/10\/IMG_6061-rotated.jpg 480w, https:\/\/driewes.de\/wp-content\/uploads\/2022\/10\/IMG_6061-225x300.jpg 225w, https:\/\/driewes.de\/wp-content\/uploads\/2022\/10\/IMG_6061-87x116.jpg 87w\" sizes=\"auto, (max-width: 480px) 100vw, 480px\" \/><\/a><\/figure>\n\n\n\n<figure class=\"wp-block-image size-large\"><a href=\"https:\/\/driewes.de\/wp-content\/uploads\/2022\/10\/IMG_6062-rotated.jpg\"><img loading=\"lazy\" decoding=\"async\" width=\"480\" height=\"640\" data-id=\"1855\" src=\"https:\/\/driewes.de\/wp-content\/uploads\/2022\/10\/IMG_6062-rotated.jpg\" alt=\"\" class=\"wp-image-1855\" srcset=\"https:\/\/driewes.de\/wp-content\/uploads\/2022\/10\/IMG_6062-rotated.jpg 480w, https:\/\/driewes.de\/wp-content\/uploads\/2022\/10\/IMG_6062-225x300.jpg 225w, https:\/\/driewes.de\/wp-content\/uploads\/2022\/10\/IMG_6062-87x116.jpg 87w\" sizes=\"auto, (max-width: 480px) 100vw, 480px\" \/><\/a><\/figure>\n\n\n\n<figure class=\"wp-block-image size-large\"><a href=\"https:\/\/driewes.de\/wp-content\/uploads\/2022\/10\/IMG_6063-rotated.jpg\"><img loading=\"lazy\" decoding=\"async\" width=\"480\" height=\"640\" data-id=\"1857\" src=\"https:\/\/driewes.de\/wp-content\/uploads\/2022\/10\/IMG_6063-rotated.jpg\" alt=\"\" class=\"wp-image-1857\" srcset=\"https:\/\/driewes.de\/wp-content\/uploads\/2022\/10\/IMG_6063-rotated.jpg 480w, https:\/\/driewes.de\/wp-content\/uploads\/2022\/10\/IMG_6063-225x300.jpg 225w, https:\/\/driewes.de\/wp-content\/uploads\/2022\/10\/IMG_6063-87x116.jpg 87w\" sizes=\"auto, (max-width: 480px) 100vw, 480px\" \/><\/a><\/figure>\n\n\n\n<figure class=\"wp-block-image size-large\"><a href=\"https:\/\/driewes.de\/wp-content\/uploads\/2022\/10\/IMG_6066-rotated.jpg\"><img loading=\"lazy\" decoding=\"async\" width=\"480\" height=\"640\" data-id=\"1863\" src=\"https:\/\/driewes.de\/wp-content\/uploads\/2022\/10\/IMG_6066-rotated.jpg\" alt=\"\" class=\"wp-image-1863\" srcset=\"https:\/\/driewes.de\/wp-content\/uploads\/2022\/10\/IMG_6066-rotated.jpg 480w, https:\/\/driewes.de\/wp-content\/uploads\/2022\/10\/IMG_6066-225x300.jpg 225w, https:\/\/driewes.de\/wp-content\/uploads\/2022\/10\/IMG_6066-87x116.jpg 87w\" sizes=\"auto, (max-width: 480px) 100vw, 480px\" \/><\/a><\/figure>\n\n\n\n<figure class=\"wp-block-image size-large\"><a href=\"https:\/\/driewes.de\/wp-content\/uploads\/2022\/10\/IMG_6415.jpg\"><img loading=\"lazy\" decoding=\"async\" width=\"480\" height=\"640\" data-id=\"1858\" src=\"https:\/\/driewes.de\/wp-content\/uploads\/2022\/10\/IMG_6415.jpg\" alt=\"\" class=\"wp-image-1858\" srcset=\"https:\/\/driewes.de\/wp-content\/uploads\/2022\/10\/IMG_6415.jpg 480w, https:\/\/driewes.de\/wp-content\/uploads\/2022\/10\/IMG_6415-225x300.jpg 225w, https:\/\/driewes.de\/wp-content\/uploads\/2022\/10\/IMG_6415-87x116.jpg 87w\" sizes=\"auto, (max-width: 480px) 100vw, 480px\" \/><\/a><\/figure>\n\n\n\n<figure class=\"wp-block-image size-large\"><a href=\"https:\/\/driewes.de\/wp-content\/uploads\/2022\/10\/IMG_6416.jpg\"><img loading=\"lazy\" decoding=\"async\" width=\"480\" height=\"640\" data-id=\"1860\" src=\"https:\/\/driewes.de\/wp-content\/uploads\/2022\/10\/IMG_6416.jpg\" alt=\"\" class=\"wp-image-1860\" srcset=\"https:\/\/driewes.de\/wp-content\/uploads\/2022\/10\/IMG_6416.jpg 480w, https:\/\/driewes.de\/wp-content\/uploads\/2022\/10\/IMG_6416-225x300.jpg 225w, https:\/\/driewes.de\/wp-content\/uploads\/2022\/10\/IMG_6416-87x116.jpg 87w\" sizes=\"auto, (max-width: 480px) 100vw, 480px\" \/><\/a><\/figure>\n\n\n\n<figure class=\"wp-block-image size-large\"><a href=\"https:\/\/driewes.de\/wp-content\/uploads\/2022\/10\/IMG_6417.jpg\"><img loading=\"lazy\" decoding=\"async\" width=\"480\" height=\"640\" data-id=\"1859\" src=\"https:\/\/driewes.de\/wp-content\/uploads\/2022\/10\/IMG_6417.jpg\" alt=\"\" class=\"wp-image-1859\" srcset=\"https:\/\/driewes.de\/wp-content\/uploads\/2022\/10\/IMG_6417.jpg 480w, https:\/\/driewes.de\/wp-content\/uploads\/2022\/10\/IMG_6417-225x300.jpg 225w, https:\/\/driewes.de\/wp-content\/uploads\/2022\/10\/IMG_6417-87x116.jpg 87w\" sizes=\"auto, (max-width: 480px) 100vw, 480px\" \/><\/a><\/figure>\n\n\n\n<figure class=\"wp-block-image size-large\"><a href=\"https:\/\/driewes.de\/wp-content\/uploads\/2022\/10\/IMG_6418.jpg\"><img loading=\"lazy\" decoding=\"async\" width=\"480\" height=\"640\" data-id=\"1861\" src=\"https:\/\/driewes.de\/wp-content\/uploads\/2022\/10\/IMG_6418.jpg\" alt=\"\" class=\"wp-image-1861\" srcset=\"https:\/\/driewes.de\/wp-content\/uploads\/2022\/10\/IMG_6418.jpg 480w, https:\/\/driewes.de\/wp-content\/uploads\/2022\/10\/IMG_6418-225x300.jpg 225w, https:\/\/driewes.de\/wp-content\/uploads\/2022\/10\/IMG_6418-87x116.jpg 87w\" sizes=\"auto, (max-width: 480px) 100vw, 480px\" \/><\/a><\/figure>\n\n\n\n<figure class=\"wp-block-image size-large\"><a href=\"https:\/\/driewes.de\/wp-content\/uploads\/2022\/10\/IMG_6420.jpg\"><img loading=\"lazy\" decoding=\"async\" width=\"480\" height=\"640\" data-id=\"1862\" src=\"https:\/\/driewes.de\/wp-content\/uploads\/2022\/10\/IMG_6420.jpg\" alt=\"\" class=\"wp-image-1862\" srcset=\"https:\/\/driewes.de\/wp-content\/uploads\/2022\/10\/IMG_6420.jpg 480w, https:\/\/driewes.de\/wp-content\/uploads\/2022\/10\/IMG_6420-225x300.jpg 225w, https:\/\/driewes.de\/wp-content\/uploads\/2022\/10\/IMG_6420-87x116.jpg 87w\" sizes=\"auto, (max-width: 480px) 100vw, 480px\" \/><\/a><\/figure>\n\n\n\n<figure class=\"wp-block-image size-large\"><a href=\"https:\/\/driewes.de\/wp-content\/uploads\/2022\/10\/IMG_6421.jpg\"><img loading=\"lazy\" decoding=\"async\" width=\"480\" height=\"640\" data-id=\"1864\" src=\"https:\/\/driewes.de\/wp-content\/uploads\/2022\/10\/IMG_6421.jpg\" alt=\"\" class=\"wp-image-1864\" srcset=\"https:\/\/driewes.de\/wp-content\/uploads\/2022\/10\/IMG_6421.jpg 480w, https:\/\/driewes.de\/wp-content\/uploads\/2022\/10\/IMG_6421-225x300.jpg 225w, https:\/\/driewes.de\/wp-content\/uploads\/2022\/10\/IMG_6421-87x116.jpg 87w\" sizes=\"auto, (max-width: 480px) 100vw, 480px\" \/><\/a><\/figure>\n\n\n\n<figure class=\"wp-block-image size-large\"><a href=\"https:\/\/driewes.de\/wp-content\/uploads\/2022\/10\/IMG_6422.jpg\"><img loading=\"lazy\" decoding=\"async\" width=\"480\" height=\"640\" data-id=\"1865\" src=\"https:\/\/driewes.de\/wp-content\/uploads\/2022\/10\/IMG_6422.jpg\" alt=\"\" class=\"wp-image-1865\" srcset=\"https:\/\/driewes.de\/wp-content\/uploads\/2022\/10\/IMG_6422.jpg 480w, https:\/\/driewes.de\/wp-content\/uploads\/2022\/10\/IMG_6422-225x300.jpg 225w, https:\/\/driewes.de\/wp-content\/uploads\/2022\/10\/IMG_6422-87x116.jpg 87w\" sizes=\"auto, (max-width: 480px) 100vw, 480px\" \/><\/a><\/figure>\n\n\n\n<figure class=\"wp-block-image size-large\"><a href=\"https:\/\/driewes.de\/wp-content\/uploads\/2022\/10\/IMG_6558.jpg\"><img loading=\"lazy\" decoding=\"async\" width=\"480\" height=\"640\" data-id=\"1867\" src=\"https:\/\/driewes.de\/wp-content\/uploads\/2022\/10\/IMG_6558.jpg\" alt=\"\" class=\"wp-image-1867\" srcset=\"https:\/\/driewes.de\/wp-content\/uploads\/2022\/10\/IMG_6558.jpg 480w, https:\/\/driewes.de\/wp-content\/uploads\/2022\/10\/IMG_6558-225x300.jpg 225w, https:\/\/driewes.de\/wp-content\/uploads\/2022\/10\/IMG_6558-87x116.jpg 87w\" sizes=\"auto, (max-width: 480px) 100vw, 480px\" \/><\/a><\/figure>\n\n\n\n<figure class=\"wp-block-image size-large\"><a href=\"https:\/\/driewes.de\/wp-content\/uploads\/2022\/10\/IMG_6560.jpg\"><img loading=\"lazy\" decoding=\"async\" width=\"480\" height=\"640\" data-id=\"1866\" src=\"https:\/\/driewes.de\/wp-content\/uploads\/2022\/10\/IMG_6560.jpg\" alt=\"\" class=\"wp-image-1866\" srcset=\"https:\/\/driewes.de\/wp-content\/uploads\/2022\/10\/IMG_6560.jpg 480w, https:\/\/driewes.de\/wp-content\/uploads\/2022\/10\/IMG_6560-225x300.jpg 225w, https:\/\/driewes.de\/wp-content\/uploads\/2022\/10\/IMG_6560-87x116.jpg 87w\" sizes=\"auto, (max-width: 480px) 100vw, 480px\" \/><\/a><\/figure>\n\n\n\n<figure class=\"wp-block-image size-large\"><a href=\"https:\/\/driewes.de\/wp-content\/uploads\/2022\/10\/IMG_6562.jpg\"><img loading=\"lazy\" decoding=\"async\" width=\"480\" height=\"640\" data-id=\"1868\" src=\"https:\/\/driewes.de\/wp-content\/uploads\/2022\/10\/IMG_6562.jpg\" alt=\"\" class=\"wp-image-1868\" srcset=\"https:\/\/driewes.de\/wp-content\/uploads\/2022\/10\/IMG_6562.jpg 480w, https:\/\/driewes.de\/wp-content\/uploads\/2022\/10\/IMG_6562-225x300.jpg 225w, https:\/\/driewes.de\/wp-content\/uploads\/2022\/10\/IMG_6562-87x116.jpg 87w\" sizes=\"auto, (max-width: 480px) 100vw, 480px\" \/><\/a><\/figure>\n\n\n\n<figure class=\"wp-block-image size-large\"><a href=\"https:\/\/driewes.de\/wp-content\/uploads\/2022\/10\/IMG_6563.jpg\"><img loading=\"lazy\" decoding=\"async\" width=\"480\" height=\"640\" data-id=\"1871\" src=\"https:\/\/driewes.de\/wp-content\/uploads\/2022\/10\/IMG_6563.jpg\" alt=\"\" class=\"wp-image-1871\" srcset=\"https:\/\/driewes.de\/wp-content\/uploads\/2022\/10\/IMG_6563.jpg 480w, https:\/\/driewes.de\/wp-content\/uploads\/2022\/10\/IMG_6563-225x300.jpg 225w, https:\/\/driewes.de\/wp-content\/uploads\/2022\/10\/IMG_6563-87x116.jpg 87w\" sizes=\"auto, (max-width: 480px) 100vw, 480px\" \/><\/a><\/figure>\n\n\n\n<figure class=\"wp-block-image size-large\"><a href=\"https:\/\/driewes.de\/wp-content\/uploads\/2022\/10\/IMG_6564.jpg\"><img loading=\"lazy\" decoding=\"async\" width=\"480\" height=\"640\" data-id=\"1870\" src=\"https:\/\/driewes.de\/wp-content\/uploads\/2022\/10\/IMG_6564.jpg\" alt=\"\" class=\"wp-image-1870\" srcset=\"https:\/\/driewes.de\/wp-content\/uploads\/2022\/10\/IMG_6564.jpg 480w, https:\/\/driewes.de\/wp-content\/uploads\/2022\/10\/IMG_6564-225x300.jpg 225w, https:\/\/driewes.de\/wp-content\/uploads\/2022\/10\/IMG_6564-87x116.jpg 87w\" sizes=\"auto, (max-width: 480px) 100vw, 480px\" \/><\/a><\/figure>\n\n\n\n<figure class=\"wp-block-image size-large\"><a href=\"https:\/\/driewes.de\/wp-content\/uploads\/2022\/10\/IMG_6565.jpg\"><img loading=\"lazy\" decoding=\"async\" width=\"480\" height=\"640\" data-id=\"1869\" src=\"https:\/\/driewes.de\/wp-content\/uploads\/2022\/10\/IMG_6565.jpg\" alt=\"\" class=\"wp-image-1869\" srcset=\"https:\/\/driewes.de\/wp-content\/uploads\/2022\/10\/IMG_6565.jpg 480w, https:\/\/driewes.de\/wp-content\/uploads\/2022\/10\/IMG_6565-225x300.jpg 225w, https:\/\/driewes.de\/wp-content\/uploads\/2022\/10\/IMG_6565-87x116.jpg 87w\" sizes=\"auto, (max-width: 480px) 100vw, 480px\" \/><\/a><\/figure>\n<\/figure>\n","protected":false},"excerpt":{"rendered":"<p>3 Haushalte 1 Men\u00fc &#8211; K\u00f6stlich Speisen mit Freunden und Nachbarn in Pademiezeiten Das gesamte Men\u00fc ist eine \u00dcberraschung. Die drei G\u00e4nge werden auf drei Haushalte verteilt. Die Vorspeise Verantwortlichen machen auch den Lieferservice. Es gibt zu allen G\u00e4ngen einen mitgelieferten Getr\u00e4nkevorschlag. Gemeinsam ansto\u00dfen und quatschen via Zoom beim Aperitif. Die Men\u00fcs sind nachhaltig verpackt [&hellip;]<\/p>\n","protected":false},"author":3,"featured_media":0,"parent":0,"menu_order":0,"comment_status":"closed","ping_status":"closed","template":"","meta":{"footnotes":""},"class_list":["post-1850","page","type-page","status-publish","hentry"],"_links":{"self":[{"href":"https:\/\/driewes.de\/index.php?rest_route=\/wp\/v2\/pages\/1850","targetHints":{"allow":["GET"]}}],"collection":[{"href":"https:\/\/driewes.de\/index.php?rest_route=\/wp\/v2\/pages"}],"about":[{"href":"https:\/\/driewes.de\/index.php?rest_route=\/wp\/v2\/types\/page"}],"author":[{"embeddable":true,"href":"https:\/\/driewes.de\/index.php?rest_route=\/wp\/v2\/users\/3"}],"replies":[{"embeddable":true,"href":"https:\/\/driewes.de\/index.php?rest_route=%2Fwp%2Fv2%2Fcomments&post=1850"}],"version-history":[{"count":3,"href":"https:\/\/driewes.de\/index.php?rest_route=\/wp\/v2\/pages\/1850\/revisions"}],"predecessor-version":[{"id":1874,"href":"https:\/\/driewes.de\/index.php?rest_route=\/wp\/v2\/pages\/1850\/revisions\/1874"}],"wp:attachment":[{"href":"https:\/\/driewes.de\/index.php?rest_route=%2Fwp%2Fv2%2Fmedia&parent=1850"}],"curies":[{"name":"wp","href":"https:\/\/api.w.org\/{rel}","templated":true}]}}