{"id":1583,"date":"2021-04-12T11:43:21","date_gmt":"2021-04-12T09:43:21","guid":{"rendered":"https:\/\/driewes.de\/?page_id=1583"},"modified":"2021-05-25T10:30:54","modified_gmt":"2021-05-25T08:30:54","slug":"waltraud-schaefer-und-die-dorfrufanlage","status":"publish","type":"page","link":"https:\/\/driewes.de\/?page_id=1583","title":{"rendered":"Waltraud Sch\u00e4fer und die Dorfrufanlage"},"content":{"rendered":"\n<p><strong>&#8222;Achtung &#8211; Wir geben bekannt&#8230;&#8220;<\/strong><\/p>\n\n\n\n<figure class=\"wp-block-image size-large\"><img loading=\"lazy\" decoding=\"async\" width=\"768\" height=\"1024\" src=\"https:\/\/driewes.de\/wp-content\/uploads\/2021\/04\/IMG_2194-768x1024.jpg\" alt=\"\" class=\"wp-image-1584\" srcset=\"https:\/\/driewes.de\/wp-content\/uploads\/2021\/04\/IMG_2194-768x1024.jpg 768w, https:\/\/driewes.de\/wp-content\/uploads\/2021\/04\/IMG_2194-225x300.jpg 225w, https:\/\/driewes.de\/wp-content\/uploads\/2021\/04\/IMG_2194-1152x1536.jpg 1152w, https:\/\/driewes.de\/wp-content\/uploads\/2021\/04\/IMG_2194-rotated.jpg 1512w\" sizes=\"auto, (max-width: 768px) 100vw, 768px\" \/><\/figure>\n\n\n\n<p>Jeder kennt Sie in Niederlaasphe und in der gesamten Region. Die Ortsvorsteherin Waltraud Sch\u00e4fer. Seit \u00fcber 30 Jahren ist Waltraud Sch\u00e4fer f\u00fcr die einzigste noch bestehende Dorfrufanlage in ganz NRW verantwortlich. Und wenn Sie sich aufmacht zum kleinen Raum in der Grundschule, wo Mikrofon und Technik bereitstehen, wei\u00df jeder im Dorf Bescheid, es gibt Neuigkeiten oder Wichtiges aus dem Dorf. Zuerst schallt eine mehrstimmige Bl\u00e4serfanfare durch die Lautsprecher im Dorf. Dann kurze Pause. &#8220; Achtung ! &#8220; ruft Waltraut Sch\u00e4fer, &#8220; Wir geben bekannt \u2026. &#8220; Ob B\u00fcrgerversammlung, Veranstaltungen der Vereine, Gottesdienste oder Bestattungstermine, alle wichtigen Anl\u00e4sse werden in Niederlaasphe per Dorfrufanlage vom Dach der Grundschule und an 19 weiteren Stellen aus den Lautsprechern bekannt gegeben. Fr\u00fcher war das Prinzip der Dorfank\u00fcndigungen noch bekannter. Fast 50 Jahre lang zog Wilhelm Schneider mit seiner Schelle durch Niederlaasphe und informierte stimmgewaltig die B\u00fcrger. Heute sch\u00e4tzen die Dorfbewohner die Vorteile der neuen Technik, denn so k\u00f6nnen wichtige Informationen schnell verbreitet werden. Der Verein f\u00fcr Kultur- und Heimatpflege Niederlaasphe e. V. rund um Waltraud Sch\u00e4fer hat im Jahr 2020 beschlossen, die Anlage zu modernisieren. Denn Alle sind sich einig in Niederlaasphe, wenn die Fanfaren ert\u00f6nen gibt es wertvolle und emotionale Nachrichten f\u00fcr Gro\u00df und Klein, f\u00fcr Alt und Jung aus der historischen Dorfrufanlage. <\/p>\n\n\n\n<figure class=\"wp-block-gallery columns-2 is-cropped wp-block-gallery-1 is-layout-flex wp-block-gallery-is-layout-flex\"><ul class=\"blocks-gallery-grid\"><li class=\"blocks-gallery-item\"><figure><a href=\"https:\/\/driewes.de\/wp-content\/uploads\/2021\/04\/IMG_2193-rotated.jpg\"><img loading=\"lazy\" decoding=\"async\" width=\"768\" height=\"1024\" src=\"https:\/\/driewes.de\/wp-content\/uploads\/2021\/04\/IMG_2193-768x1024.jpg\" alt=\"\" data-id=\"1585\" data-full-url=\"https:\/\/driewes.de\/wp-content\/uploads\/2021\/04\/IMG_2193-rotated.jpg\" data-link=\"https:\/\/driewes.de\/?attachment_id=1585\" class=\"wp-image-1585\" srcset=\"https:\/\/driewes.de\/wp-content\/uploads\/2021\/04\/IMG_2193-768x1024.jpg 768w, https:\/\/driewes.de\/wp-content\/uploads\/2021\/04\/IMG_2193-225x300.jpg 225w, https:\/\/driewes.de\/wp-content\/uploads\/2021\/04\/IMG_2193-1152x1536.jpg 1152w, https:\/\/driewes.de\/wp-content\/uploads\/2021\/04\/IMG_2193-rotated.jpg 1512w\" sizes=\"auto, (max-width: 768px) 100vw, 768px\" \/><\/a><\/figure><\/li><li class=\"blocks-gallery-item\"><figure><a href=\"https:\/\/driewes.de\/wp-content\/uploads\/2021\/04\/IMG_2195-rotated.jpg\"><img loading=\"lazy\" decoding=\"async\" width=\"768\" height=\"1024\" src=\"https:\/\/driewes.de\/wp-content\/uploads\/2021\/04\/IMG_2195-768x1024.jpg\" alt=\"\" data-id=\"1586\" data-full-url=\"https:\/\/driewes.de\/wp-content\/uploads\/2021\/04\/IMG_2195-rotated.jpg\" data-link=\"https:\/\/driewes.de\/?attachment_id=1586\" class=\"wp-image-1586\" srcset=\"https:\/\/driewes.de\/wp-content\/uploads\/2021\/04\/IMG_2195-768x1024.jpg 768w, https:\/\/driewes.de\/wp-content\/uploads\/2021\/04\/IMG_2195-225x300.jpg 225w, https:\/\/driewes.de\/wp-content\/uploads\/2021\/04\/IMG_2195-1152x1536.jpg 1152w, https:\/\/driewes.de\/wp-content\/uploads\/2021\/04\/IMG_2195-rotated.jpg 1512w\" sizes=\"auto, (max-width: 768px) 100vw, 768px\" \/><\/a><\/figure><\/li><\/ul><\/figure>\n\n\n\n<p><\/p>\n\n\n\n<p><\/p>\n\n\n\n<p><\/p>\n\n\n\n<p><\/p>\n","protected":false},"excerpt":{"rendered":"<p>&#8222;Achtung &#8211; Wir geben bekannt&#8230;&#8220; Jeder kennt Sie in Niederlaasphe und in der gesamten Region. Die Ortsvorsteherin Waltraud Sch\u00e4fer. Seit \u00fcber 30 Jahren ist Waltraud Sch\u00e4fer f\u00fcr die einzigste noch bestehende Dorfrufanlage in ganz NRW verantwortlich. Und wenn Sie sich aufmacht zum kleinen Raum in der Grundschule, wo Mikrofon und Technik bereitstehen, wei\u00df jeder im [&hellip;]<\/p>\n","protected":false},"author":3,"featured_media":0,"parent":0,"menu_order":0,"comment_status":"closed","ping_status":"closed","template":"","meta":{"footnotes":""},"class_list":["post-1583","page","type-page","status-publish","hentry"],"_links":{"self":[{"href":"https:\/\/driewes.de\/index.php?rest_route=\/wp\/v2\/pages\/1583","targetHints":{"allow":["GET"]}}],"collection":[{"href":"https:\/\/driewes.de\/index.php?rest_route=\/wp\/v2\/pages"}],"about":[{"href":"https:\/\/driewes.de\/index.php?rest_route=\/wp\/v2\/types\/page"}],"author":[{"embeddable":true,"href":"https:\/\/driewes.de\/index.php?rest_route=\/wp\/v2\/users\/3"}],"replies":[{"embeddable":true,"href":"https:\/\/driewes.de\/index.php?rest_route=%2Fwp%2Fv2%2Fcomments&post=1583"}],"version-history":[{"count":3,"href":"https:\/\/driewes.de\/index.php?rest_route=\/wp\/v2\/pages\/1583\/revisions"}],"predecessor-version":[{"id":1660,"href":"https:\/\/driewes.de\/index.php?rest_route=\/wp\/v2\/pages\/1583\/revisions\/1660"}],"wp:attachment":[{"href":"https:\/\/driewes.de\/index.php?rest_route=%2Fwp%2Fv2%2Fmedia&parent=1583"}],"curies":[{"name":"wp","href":"https:\/\/api.w.org\/{rel}","templated":true}]}}