{"id":1385,"date":"2020-05-24T17:58:51","date_gmt":"2020-05-24T15:58:51","guid":{"rendered":"http:\/\/driewes.de\/?page_id=1385"},"modified":"2020-05-24T18:04:44","modified_gmt":"2020-05-24T16:04:44","slug":"mohn-quark-erdbeertorte-mit-waldmeistersirup","status":"publish","type":"page","link":"https:\/\/driewes.de\/?page_id=1385","title":{"rendered":"Mohn Quark Erdbeertorte"},"content":{"rendered":"\n<p>mit Waldmeistersirup<\/p>\n\n\n\n<figure class=\"wp-block-image size-large\"><img loading=\"lazy\" decoding=\"async\" width=\"1024\" height=\"1024\" src=\"http:\/\/driewes.de\/wp-content\/uploads\/2020\/05\/BD726465-C887-4B45-99FD-10A9DF29E207-1024x1024.jpg\" alt=\"\" class=\"wp-image-1386\" srcset=\"https:\/\/driewes.de\/wp-content\/uploads\/2020\/05\/BD726465-C887-4B45-99FD-10A9DF29E207-1024x1024.jpg 1024w, https:\/\/driewes.de\/wp-content\/uploads\/2020\/05\/BD726465-C887-4B45-99FD-10A9DF29E207-300x300.jpg 300w, https:\/\/driewes.de\/wp-content\/uploads\/2020\/05\/BD726465-C887-4B45-99FD-10A9DF29E207-150x150.jpg 150w, https:\/\/driewes.de\/wp-content\/uploads\/2020\/05\/BD726465-C887-4B45-99FD-10A9DF29E207-768x768.jpg 768w, https:\/\/driewes.de\/wp-content\/uploads\/2020\/05\/BD726465-C887-4B45-99FD-10A9DF29E207-70x70.jpg 70w, https:\/\/driewes.de\/wp-content\/uploads\/2020\/05\/BD726465-C887-4B45-99FD-10A9DF29E207-127x127.jpg 127w, https:\/\/driewes.de\/wp-content\/uploads\/2020\/05\/BD726465-C887-4B45-99FD-10A9DF29E207-476x476.jpg 476w, https:\/\/driewes.de\/wp-content\/uploads\/2020\/05\/BD726465-C887-4B45-99FD-10A9DF29E207-125x125.jpg 125w, https:\/\/driewes.de\/wp-content\/uploads\/2020\/05\/BD726465-C887-4B45-99FD-10A9DF29E207.jpg 1440w\" sizes=\"auto, (max-width: 1024px) 100vw, 1024px\" \/><\/figure>\n\n\n\n<p>Zutaten:<\/p>\n\n\n\n<p><em>Mohntorte :<\/em><br>\u2022 160g gemahlenen Mohn<br>\u2022 100g Butter<br>\u2022 120g Zucker<br>\u2022 1 Pkg Vanillezucker<br>\u2022 1 EL Zimt<br>\u2022 1 Prise Salz<br>\u2022 5 Stk Eier<\/p>\n\n\n\n<p><em>Topfencreme:<\/em><br>\u2022 500g Quark<br>\u2022 50g Puderzucker<br>\u2022 100 ml Waldmeistersirup (Driewes)<br>\u2022 250 ml Sahne<br>\u2022 5 Blatt Gelatine<\/p>\n\n\n\n<p><br><em>Erdbeerspiegel :<\/em><br>\u2022 1 Pkg frische Erdbeeren<br>\u2022 40g Kristallzucker<br>\u2022 3 Blatt Gelatine<\/p>\n\n\n\n<p>\u2022 Die Butter schmelzen , mit dem Puderzucker, Zimt, Vanillezucker und Salz schaumig r\u00fchren.<br>\u2022 Die Dotter vom Ei unter die schaumige Buttermasse r\u00fchren.<br>\u2022 Das Eiklar zu einem festen Schaum schlagen<br>\u2022 Den Mohn hinzuf\u00fcgen.<br>\u2022 Nun heben wir den Schnee vorsichtig unter die Buttermasse.<br>\u2022 Eine Springform (ca 26cm) mit Butter einfetten und den Mohnteig darin verteilen.<br>\u2022 Das Backrohr vorheizen auf ca 160\u00b0. Den Mohnkuchen ca 30 min auf unterer Schiene backen.<br>\u2022 F\u00fcr die Creme mischen wir den Topfen, Puderzucker und den Waldmeister zusammen.<br>\u2022 Die Gelatinebl\u00e4tter laut Packung aufl\u00f6sen und untermischen.<br>\u2022 Sahne steif schlagen und unter die Topfenmasse mischen.<br>\u2022 Den Mohnkuchen komplett ausk\u00fchlen lassen, dann die Creme glatt aufbringen.<br>\u2022 F\u00fcr ca 1 Std in den K\u00fchlschrank stellen<br>\u2022 Die Erdbeeren mixen und mit dem Puderzucker und der Gelatine kurz aufkochen.<br>\u2022 Leicht abk\u00fchlen lassen, damit unsere Creme nicht warm wird.<\/p>\n\n\n\n<p>\u2022 Nun gie\u00dfen wir die Erdbeeren \u00fcber unsere Torte. Jetzt kommt das Ganze nochmal f\u00fcr ca 3 Stunden (solange bis der Erdbeerspiegel fest geworden ist) in den K\u00fchlschrank.<\/p>\n\n\n\n<figure class=\"wp-block-gallery columns-3 is-cropped wp-block-gallery-1 is-layout-flex wp-block-gallery-is-layout-flex\"><ul class=\"blocks-gallery-grid\"><li class=\"blocks-gallery-item\"><figure><a href=\"http:\/\/driewes.de\/wp-content\/uploads\/2020\/05\/IMG_1442.jpg\"><img loading=\"lazy\" decoding=\"async\" width=\"768\" height=\"1024\" src=\"http:\/\/driewes.de\/wp-content\/uploads\/2020\/05\/IMG_1442-768x1024.jpg\" alt=\"\" data-id=\"1389\" data-full-url=\"http:\/\/driewes.de\/wp-content\/uploads\/2020\/05\/IMG_1442.jpg\" data-link=\"http:\/\/driewes.de\/?attachment_id=1389\" class=\"wp-image-1389\" srcset=\"https:\/\/driewes.de\/wp-content\/uploads\/2020\/05\/IMG_1442-768x1024.jpg 768w, https:\/\/driewes.de\/wp-content\/uploads\/2020\/05\/IMG_1442-225x300.jpg 225w, https:\/\/driewes.de\/wp-content\/uploads\/2020\/05\/IMG_1442-1152x1536.jpg 1152w, https:\/\/driewes.de\/wp-content\/uploads\/2020\/05\/IMG_1442.jpg 1512w\" sizes=\"auto, (max-width: 768px) 100vw, 768px\" \/><\/a><\/figure><\/li><li class=\"blocks-gallery-item\"><figure><a href=\"http:\/\/driewes.de\/wp-content\/uploads\/2020\/05\/E68F416E-00E2-4F89-A757-8BA821F4FDAB.jpg\"><img loading=\"lazy\" decoding=\"async\" width=\"1024\" height=\"1024\" src=\"http:\/\/driewes.de\/wp-content\/uploads\/2020\/05\/E68F416E-00E2-4F89-A757-8BA821F4FDAB-1024x1024.jpg\" alt=\"\" data-id=\"1388\" data-full-url=\"http:\/\/driewes.de\/wp-content\/uploads\/2020\/05\/E68F416E-00E2-4F89-A757-8BA821F4FDAB.jpg\" data-link=\"http:\/\/driewes.de\/?attachment_id=1388\" class=\"wp-image-1388\" srcset=\"https:\/\/driewes.de\/wp-content\/uploads\/2020\/05\/E68F416E-00E2-4F89-A757-8BA821F4FDAB-1024x1024.jpg 1024w, https:\/\/driewes.de\/wp-content\/uploads\/2020\/05\/E68F416E-00E2-4F89-A757-8BA821F4FDAB-300x300.jpg 300w, https:\/\/driewes.de\/wp-content\/uploads\/2020\/05\/E68F416E-00E2-4F89-A757-8BA821F4FDAB-150x150.jpg 150w, https:\/\/driewes.de\/wp-content\/uploads\/2020\/05\/E68F416E-00E2-4F89-A757-8BA821F4FDAB-768x767.jpg 768w, https:\/\/driewes.de\/wp-content\/uploads\/2020\/05\/E68F416E-00E2-4F89-A757-8BA821F4FDAB-70x70.jpg 70w, https:\/\/driewes.de\/wp-content\/uploads\/2020\/05\/E68F416E-00E2-4F89-A757-8BA821F4FDAB-127x127.jpg 127w, https:\/\/driewes.de\/wp-content\/uploads\/2020\/05\/E68F416E-00E2-4F89-A757-8BA821F4FDAB-476x476.jpg 476w, https:\/\/driewes.de\/wp-content\/uploads\/2020\/05\/E68F416E-00E2-4F89-A757-8BA821F4FDAB-125x125.jpg 125w, https:\/\/driewes.de\/wp-content\/uploads\/2020\/05\/E68F416E-00E2-4F89-A757-8BA821F4FDAB.jpg 1440w\" sizes=\"auto, (max-width: 1024px) 100vw, 1024px\" \/><\/a><\/figure><\/li><li class=\"blocks-gallery-item\"><figure><a href=\"http:\/\/driewes.de\/wp-content\/uploads\/2020\/05\/BD726465-C887-4B45-99FD-10A9DF29E207-1.jpg\"><img loading=\"lazy\" decoding=\"async\" width=\"1024\" height=\"1024\" src=\"http:\/\/driewes.de\/wp-content\/uploads\/2020\/05\/BD726465-C887-4B45-99FD-10A9DF29E207-1-1024x1024.jpg\" alt=\"\" data-id=\"1387\" data-full-url=\"http:\/\/driewes.de\/wp-content\/uploads\/2020\/05\/BD726465-C887-4B45-99FD-10A9DF29E207-1.jpg\" data-link=\"http:\/\/driewes.de\/?attachment_id=1387\" class=\"wp-image-1387\" srcset=\"https:\/\/driewes.de\/wp-content\/uploads\/2020\/05\/BD726465-C887-4B45-99FD-10A9DF29E207-1-1024x1024.jpg 1024w, https:\/\/driewes.de\/wp-content\/uploads\/2020\/05\/BD726465-C887-4B45-99FD-10A9DF29E207-1-300x300.jpg 300w, https:\/\/driewes.de\/wp-content\/uploads\/2020\/05\/BD726465-C887-4B45-99FD-10A9DF29E207-1-150x150.jpg 150w, https:\/\/driewes.de\/wp-content\/uploads\/2020\/05\/BD726465-C887-4B45-99FD-10A9DF29E207-1-768x768.jpg 768w, https:\/\/driewes.de\/wp-content\/uploads\/2020\/05\/BD726465-C887-4B45-99FD-10A9DF29E207-1-70x70.jpg 70w, https:\/\/driewes.de\/wp-content\/uploads\/2020\/05\/BD726465-C887-4B45-99FD-10A9DF29E207-1-127x127.jpg 127w, https:\/\/driewes.de\/wp-content\/uploads\/2020\/05\/BD726465-C887-4B45-99FD-10A9DF29E207-1-476x476.jpg 476w, https:\/\/driewes.de\/wp-content\/uploads\/2020\/05\/BD726465-C887-4B45-99FD-10A9DF29E207-1-125x125.jpg 125w, https:\/\/driewes.de\/wp-content\/uploads\/2020\/05\/BD726465-C887-4B45-99FD-10A9DF29E207-1.jpg 1440w\" sizes=\"auto, (max-width: 1024px) 100vw, 1024px\" \/><\/a><\/figure><\/li><\/ul><\/figure>\n","protected":false},"excerpt":{"rendered":"<p>mit Waldmeistersirup Zutaten: Mohntorte :\u2022 160g gemahlenen Mohn\u2022 100g Butter\u2022 120g Zucker\u2022 1 Pkg Vanillezucker\u2022 1 EL Zimt\u2022 1 Prise Salz\u2022 5 Stk Eier Topfencreme:\u2022 500g Quark\u2022 50g Puderzucker\u2022 100 ml Waldmeistersirup (Driewes)\u2022 250 ml Sahne\u2022 5 Blatt Gelatine Erdbeerspiegel :\u2022 1 Pkg frische Erdbeeren\u2022 40g Kristallzucker\u2022 3 Blatt Gelatine \u2022 Die Butter schmelzen , [&hellip;]<\/p>\n","protected":false},"author":3,"featured_media":0,"parent":0,"menu_order":0,"comment_status":"closed","ping_status":"closed","template":"","meta":{"footnotes":""},"class_list":["post-1385","page","type-page","status-publish","hentry"],"_links":{"self":[{"href":"https:\/\/driewes.de\/index.php?rest_route=\/wp\/v2\/pages\/1385","targetHints":{"allow":["GET"]}}],"collection":[{"href":"https:\/\/driewes.de\/index.php?rest_route=\/wp\/v2\/pages"}],"about":[{"href":"https:\/\/driewes.de\/index.php?rest_route=\/wp\/v2\/types\/page"}],"author":[{"embeddable":true,"href":"https:\/\/driewes.de\/index.php?rest_route=\/wp\/v2\/users\/3"}],"replies":[{"embeddable":true,"href":"https:\/\/driewes.de\/index.php?rest_route=%2Fwp%2Fv2%2Fcomments&post=1385"}],"version-history":[{"count":3,"href":"https:\/\/driewes.de\/index.php?rest_route=\/wp\/v2\/pages\/1385\/revisions"}],"predecessor-version":[{"id":1396,"href":"https:\/\/driewes.de\/index.php?rest_route=\/wp\/v2\/pages\/1385\/revisions\/1396"}],"wp:attachment":[{"href":"https:\/\/driewes.de\/index.php?rest_route=%2Fwp%2Fv2%2Fmedia&parent=1385"}],"curies":[{"name":"wp","href":"https:\/\/api.w.org\/{rel}","templated":true}]}}