{"id":1215,"date":"2019-12-01T18:26:23","date_gmt":"2019-12-01T17:26:23","guid":{"rendered":"http:\/\/driewes.de\/?page_id=1215"},"modified":"2019-12-02T15:24:55","modified_gmt":"2019-12-02T14:24:55","slug":"weihnachtsmarkt-in-feuerbach","status":"publish","type":"page","link":"https:\/\/driewes.de\/?page_id=1215","title":{"rendered":"Weihnachtsmarkt in Feuersbach"},"content":{"rendered":"\n<p class=\"has-medium-font-size\"><strong>Ein Dorfweiher in Flammen<\/strong><\/p>\n\n\n\n<figure class=\"wp-block-image size-large\"><img loading=\"lazy\" decoding=\"async\" width=\"1024\" height=\"1024\" src=\"http:\/\/driewes.de\/wp-content\/uploads\/2019\/12\/24DF6292-E2F2-4EFA-A484-D4922EAA8209-1024x1024.jpg\" alt=\"\" class=\"wp-image-1216\" srcset=\"https:\/\/driewes.de\/wp-content\/uploads\/2019\/12\/24DF6292-E2F2-4EFA-A484-D4922EAA8209-1024x1024.jpg 1024w, https:\/\/driewes.de\/wp-content\/uploads\/2019\/12\/24DF6292-E2F2-4EFA-A484-D4922EAA8209-300x300.jpg 300w, https:\/\/driewes.de\/wp-content\/uploads\/2019\/12\/24DF6292-E2F2-4EFA-A484-D4922EAA8209-150x150.jpg 150w, https:\/\/driewes.de\/wp-content\/uploads\/2019\/12\/24DF6292-E2F2-4EFA-A484-D4922EAA8209-768x768.jpg 768w, https:\/\/driewes.de\/wp-content\/uploads\/2019\/12\/24DF6292-E2F2-4EFA-A484-D4922EAA8209-70x70.jpg 70w, https:\/\/driewes.de\/wp-content\/uploads\/2019\/12\/24DF6292-E2F2-4EFA-A484-D4922EAA8209-127x127.jpg 127w, https:\/\/driewes.de\/wp-content\/uploads\/2019\/12\/24DF6292-E2F2-4EFA-A484-D4922EAA8209-476x476.jpg 476w, https:\/\/driewes.de\/wp-content\/uploads\/2019\/12\/24DF6292-E2F2-4EFA-A484-D4922EAA8209-125x125.jpg 125w, https:\/\/driewes.de\/wp-content\/uploads\/2019\/12\/24DF6292-E2F2-4EFA-A484-D4922EAA8209.jpg 1440w\" sizes=\"auto, (max-width: 1024px) 100vw, 1024px\" \/><\/figure>\n\n\n\n<p>Die vielen flei\u00dfigen H\u00e4nde aller Vereinsmitglieder aus Feuersbach sorgen nun schon seit 17 Jahren daf\u00fcr, da\u00df jeden 1.Adventssonntag rund um den Feuersbacher Weiher, die Weihnachtszeit mit einem beeindruckendem Lichterglanz er\u00f6ffnet wird. Es ist ein uriger Ort in der Feuersbacher Dorfmitte, um sich mit Freunden zu treffen, das Beisammensein bei einem Punsch zu genie\u00dfen und kleine, feine Handwerkskunst zu bewundern und zu kaufen. Gro\u00df und Klein versammeln sich um den Weiher und warten gespannt auf den Zeitpunkt, wo die Helfer die zahlreichen Schwedenh\u00f6lzer entz\u00fcnden. Highlight ist das Flo\u00df mit den brennenden H\u00f6lzern auf dem Weiher. Das Holz knackt und knistert beim Verbrenen, es duftet herrlich und die Lichter spiegeln sich im Wasser. Jetzt wird es Zeit sich beim gro\u00dfen Holzofen anzustellen und einen k\u00f6stlichen Flammkuchen zu bestellen. Man merkt die Feuersbacher halten zusammen und haben mit viel Herz diesen sch\u00f6nen Ort zu etwas Besonderem gemacht. Gerne helfen Sie auch anderen und unterst\u00fctzen mit den Einnahmen des Weihnachtsmarktes andere Initiativen und Vereine. Wir sind da gerne dabei und haben uns gleich 2 Vogelh\u00e4user gekauft, deren Erl\u00f6s komplett gespendet wird. <\/p>\n\n\n\n<p>Die Feuersbacher veranstalteten weitere gro\u00dfe Feste \u00fcber das Jahr hinweg, alle Informationen dazu gibt es auf <a href=\"http:\/\/www.feuersbach-siegen.de\">www.feuersbach-siegen.de<\/a><\/p>\n\n\n\n<figure class=\"wp-block-gallery columns-3 is-cropped wp-block-gallery-1 is-layout-flex wp-block-gallery-is-layout-flex\"><ul class=\"blocks-gallery-grid\"><li class=\"blocks-gallery-item\"><figure><a href=\"http:\/\/driewes.de\/wp-content\/uploads\/2019\/12\/03022A84-A413-4487-9163-8480945F4A54.jpg\"><img loading=\"lazy\" decoding=\"async\" width=\"1024\" height=\"1024\" src=\"http:\/\/driewes.de\/wp-content\/uploads\/2019\/12\/03022A84-A413-4487-9163-8480945F4A54-1024x1024.jpg\" alt=\"\" data-id=\"1221\" data-full-url=\"http:\/\/driewes.de\/wp-content\/uploads\/2019\/12\/03022A84-A413-4487-9163-8480945F4A54.jpg\" data-link=\"http:\/\/driewes.de\/?attachment_id=1221\" class=\"wp-image-1221\" srcset=\"https:\/\/driewes.de\/wp-content\/uploads\/2019\/12\/03022A84-A413-4487-9163-8480945F4A54-1024x1024.jpg 1024w, https:\/\/driewes.de\/wp-content\/uploads\/2019\/12\/03022A84-A413-4487-9163-8480945F4A54-300x300.jpg 300w, https:\/\/driewes.de\/wp-content\/uploads\/2019\/12\/03022A84-A413-4487-9163-8480945F4A54-150x150.jpg 150w, https:\/\/driewes.de\/wp-content\/uploads\/2019\/12\/03022A84-A413-4487-9163-8480945F4A54-768x768.jpg 768w, https:\/\/driewes.de\/wp-content\/uploads\/2019\/12\/03022A84-A413-4487-9163-8480945F4A54-70x70.jpg 70w, https:\/\/driewes.de\/wp-content\/uploads\/2019\/12\/03022A84-A413-4487-9163-8480945F4A54-127x127.jpg 127w, https:\/\/driewes.de\/wp-content\/uploads\/2019\/12\/03022A84-A413-4487-9163-8480945F4A54-476x476.jpg 476w, https:\/\/driewes.de\/wp-content\/uploads\/2019\/12\/03022A84-A413-4487-9163-8480945F4A54-125x125.jpg 125w, https:\/\/driewes.de\/wp-content\/uploads\/2019\/12\/03022A84-A413-4487-9163-8480945F4A54.jpg 1440w\" sizes=\"auto, (max-width: 1024px) 100vw, 1024px\" \/><\/a><\/figure><\/li><li class=\"blocks-gallery-item\"><figure><a href=\"http:\/\/driewes.de\/wp-content\/uploads\/2019\/12\/28C384BB-23E7-48FD-9B1B-F2F92D04E667.jpg\"><img loading=\"lazy\" decoding=\"async\" width=\"1024\" height=\"1024\" src=\"http:\/\/driewes.de\/wp-content\/uploads\/2019\/12\/28C384BB-23E7-48FD-9B1B-F2F92D04E667-1024x1024.jpg\" alt=\"\" data-id=\"1220\" data-full-url=\"http:\/\/driewes.de\/wp-content\/uploads\/2019\/12\/28C384BB-23E7-48FD-9B1B-F2F92D04E667.jpg\" data-link=\"http:\/\/driewes.de\/?attachment_id=1220\" class=\"wp-image-1220\" srcset=\"https:\/\/driewes.de\/wp-content\/uploads\/2019\/12\/28C384BB-23E7-48FD-9B1B-F2F92D04E667-1024x1024.jpg 1024w, https:\/\/driewes.de\/wp-content\/uploads\/2019\/12\/28C384BB-23E7-48FD-9B1B-F2F92D04E667-300x300.jpg 300w, https:\/\/driewes.de\/wp-content\/uploads\/2019\/12\/28C384BB-23E7-48FD-9B1B-F2F92D04E667-150x150.jpg 150w, https:\/\/driewes.de\/wp-content\/uploads\/2019\/12\/28C384BB-23E7-48FD-9B1B-F2F92D04E667-768x768.jpg 768w, https:\/\/driewes.de\/wp-content\/uploads\/2019\/12\/28C384BB-23E7-48FD-9B1B-F2F92D04E667-70x70.jpg 70w, https:\/\/driewes.de\/wp-content\/uploads\/2019\/12\/28C384BB-23E7-48FD-9B1B-F2F92D04E667-127x127.jpg 127w, https:\/\/driewes.de\/wp-content\/uploads\/2019\/12\/28C384BB-23E7-48FD-9B1B-F2F92D04E667-476x476.jpg 476w, https:\/\/driewes.de\/wp-content\/uploads\/2019\/12\/28C384BB-23E7-48FD-9B1B-F2F92D04E667-125x125.jpg 125w, https:\/\/driewes.de\/wp-content\/uploads\/2019\/12\/28C384BB-23E7-48FD-9B1B-F2F92D04E667.jpg 1440w\" sizes=\"auto, (max-width: 1024px) 100vw, 1024px\" \/><\/a><\/figure><\/li><li class=\"blocks-gallery-item\"><figure><a href=\"http:\/\/driewes.de\/wp-content\/uploads\/2019\/12\/8C497DEB-BEC5-4D1F-B5C0-458476ABD131-1.jpg\"><img loading=\"lazy\" decoding=\"async\" width=\"1024\" height=\"1024\" src=\"http:\/\/driewes.de\/wp-content\/uploads\/2019\/12\/8C497DEB-BEC5-4D1F-B5C0-458476ABD131-1-1024x1024.jpg\" alt=\"\" data-id=\"1218\" data-full-url=\"http:\/\/driewes.de\/wp-content\/uploads\/2019\/12\/8C497DEB-BEC5-4D1F-B5C0-458476ABD131-1.jpg\" data-link=\"http:\/\/driewes.de\/?attachment_id=1218\" class=\"wp-image-1218\" srcset=\"https:\/\/driewes.de\/wp-content\/uploads\/2019\/12\/8C497DEB-BEC5-4D1F-B5C0-458476ABD131-1-1024x1024.jpg 1024w, https:\/\/driewes.de\/wp-content\/uploads\/2019\/12\/8C497DEB-BEC5-4D1F-B5C0-458476ABD131-1-300x300.jpg 300w, https:\/\/driewes.de\/wp-content\/uploads\/2019\/12\/8C497DEB-BEC5-4D1F-B5C0-458476ABD131-1-150x150.jpg 150w, https:\/\/driewes.de\/wp-content\/uploads\/2019\/12\/8C497DEB-BEC5-4D1F-B5C0-458476ABD131-1-768x768.jpg 768w, https:\/\/driewes.de\/wp-content\/uploads\/2019\/12\/8C497DEB-BEC5-4D1F-B5C0-458476ABD131-1-70x70.jpg 70w, https:\/\/driewes.de\/wp-content\/uploads\/2019\/12\/8C497DEB-BEC5-4D1F-B5C0-458476ABD131-1-127x127.jpg 127w, https:\/\/driewes.de\/wp-content\/uploads\/2019\/12\/8C497DEB-BEC5-4D1F-B5C0-458476ABD131-1-476x476.jpg 476w, https:\/\/driewes.de\/wp-content\/uploads\/2019\/12\/8C497DEB-BEC5-4D1F-B5C0-458476ABD131-1-125x125.jpg 125w, https:\/\/driewes.de\/wp-content\/uploads\/2019\/12\/8C497DEB-BEC5-4D1F-B5C0-458476ABD131-1.jpg 1440w\" sizes=\"auto, (max-width: 1024px) 100vw, 1024px\" \/><\/a><\/figure><\/li><li class=\"blocks-gallery-item\"><figure><a href=\"http:\/\/driewes.de\/wp-content\/uploads\/2019\/12\/IMG_8637-rotated.jpg\"><img loading=\"lazy\" decoding=\"async\" width=\"768\" height=\"1024\" src=\"http:\/\/driewes.de\/wp-content\/uploads\/2019\/12\/IMG_8637-768x1024.jpg\" alt=\"\" data-id=\"1222\" data-full-url=\"http:\/\/driewes.de\/wp-content\/uploads\/2019\/12\/IMG_8637-rotated.jpg\" data-link=\"http:\/\/driewes.de\/?attachment_id=1222\" class=\"wp-image-1222\" srcset=\"https:\/\/driewes.de\/wp-content\/uploads\/2019\/12\/IMG_8637-768x1024.jpg 768w, https:\/\/driewes.de\/wp-content\/uploads\/2019\/12\/IMG_8637-225x300.jpg 225w, https:\/\/driewes.de\/wp-content\/uploads\/2019\/12\/IMG_8637-1152x1536.jpg 1152w, https:\/\/driewes.de\/wp-content\/uploads\/2019\/12\/IMG_8637-rotated.jpg 1512w\" sizes=\"auto, (max-width: 768px) 100vw, 768px\" \/><\/a><\/figure><\/li><\/ul><\/figure>\n\n\n\n<figure class=\"wp-block-video\"><video height=\"1080\" style=\"aspect-ratio: 1920 \/ 1080;\" width=\"1920\" controls src=\"http:\/\/driewes.de\/wp-content\/uploads\/2019\/12\/IMG_8625.mov\"><\/video><\/figure>\n\n\n\n<p><\/p>\n","protected":false},"excerpt":{"rendered":"<p>Ein Dorfweiher in Flammen Die vielen flei\u00dfigen H\u00e4nde aller Vereinsmitglieder aus Feuersbach sorgen nun schon seit 17 Jahren daf\u00fcr, da\u00df jeden 1.Adventssonntag rund um den Feuersbacher Weiher, die Weihnachtszeit mit einem beeindruckendem Lichterglanz er\u00f6ffnet wird. Es ist ein uriger Ort in der Feuersbacher Dorfmitte, um sich mit Freunden zu treffen, das Beisammensein bei einem Punsch [&hellip;]<\/p>\n","protected":false},"author":3,"featured_media":0,"parent":0,"menu_order":0,"comment_status":"closed","ping_status":"closed","template":"","meta":{"footnotes":""},"class_list":["post-1215","page","type-page","status-publish","hentry"],"_links":{"self":[{"href":"https:\/\/driewes.de\/index.php?rest_route=\/wp\/v2\/pages\/1215","targetHints":{"allow":["GET"]}}],"collection":[{"href":"https:\/\/driewes.de\/index.php?rest_route=\/wp\/v2\/pages"}],"about":[{"href":"https:\/\/driewes.de\/index.php?rest_route=\/wp\/v2\/types\/page"}],"author":[{"embeddable":true,"href":"https:\/\/driewes.de\/index.php?rest_route=\/wp\/v2\/users\/3"}],"replies":[{"embeddable":true,"href":"https:\/\/driewes.de\/index.php?rest_route=%2Fwp%2Fv2%2Fcomments&post=1215"}],"version-history":[{"count":12,"href":"https:\/\/driewes.de\/index.php?rest_route=\/wp\/v2\/pages\/1215\/revisions"}],"predecessor-version":[{"id":1239,"href":"https:\/\/driewes.de\/index.php?rest_route=\/wp\/v2\/pages\/1215\/revisions\/1239"}],"wp:attachment":[{"href":"https:\/\/driewes.de\/index.php?rest_route=%2Fwp%2Fv2%2Fmedia&parent=1215"}],"curies":[{"name":"wp","href":"https:\/\/api.w.org\/{rel}","templated":true}]}}